
{"id":63719,"date":"2023-05-10T14:55:13","date_gmt":"2023-05-10T18:55:13","guid":{"rendered":"https:\/\/www.tceam.tc.br\/?page_id=63719"},"modified":"2026-01-14T12:09:00","modified_gmt":"2026-01-14T16:09:00","slug":"atendimento-virtual","status":"publish","type":"page","link":"https:\/\/www.tceam.tc.br\/?page_id=63719","title":{"rendered":"Al\u00f4 Tribunal"},"content":{"rendered":"\t\t<div data-elementor-type=\"wp-page\" data-elementor-id=\"63719\" class=\"elementor elementor-63719\" data-elementor-settings=\"{&quot;ha_cmc_init_switcher&quot;:&quot;no&quot;,&quot;element_pack_global_tooltip_width&quot;:{&quot;unit&quot;:&quot;px&quot;,&quot;size&quot;:&quot;&quot;,&quot;sizes&quot;:[]},&quot;element_pack_global_tooltip_width_laptop&quot;:{&quot;unit&quot;:&quot;px&quot;,&quot;size&quot;:&quot;&quot;,&quot;sizes&quot;:[]},&quot;element_pack_global_tooltip_width_tablet_extra&quot;:{&quot;unit&quot;:&quot;px&quot;,&quot;size&quot;:&quot;&quot;,&quot;sizes&quot;:[]},&quot;element_pack_global_tooltip_width_tablet&quot;:{&quot;unit&quot;:&quot;px&quot;,&quot;size&quot;:&quot;&quot;,&quot;sizes&quot;:[]},&quot;element_pack_global_tooltip_width_mobile_extra&quot;:{&quot;unit&quot;:&quot;px&quot;,&quot;size&quot;:&quot;&quot;,&quot;sizes&quot;:[]},&quot;element_pack_global_tooltip_width_mobile&quot;:{&quot;unit&quot;:&quot;px&quot;,&quot;size&quot;:&quot;&quot;,&quot;sizes&quot;:[]},&quot;element_pack_global_tooltip_padding&quot;:{&quot;unit&quot;:&quot;px&quot;,&quot;top&quot;:&quot;&quot;,&quot;right&quot;:&quot;&quot;,&quot;bottom&quot;:&quot;&quot;,&quot;left&quot;:&quot;&quot;,&quot;isLinked&quot;:true},&quot;element_pack_global_tooltip_padding_laptop&quot;:{&quot;unit&quot;:&quot;px&quot;,&quot;top&quot;:&quot;&quot;,&quot;right&quot;:&quot;&quot;,&quot;bottom&quot;:&quot;&quot;,&quot;left&quot;:&quot;&quot;,&quot;isLinked&quot;:true},&quot;element_pack_global_tooltip_padding_tablet_extra&quot;:{&quot;unit&quot;:&quot;px&quot;,&quot;top&quot;:&quot;&quot;,&quot;right&quot;:&quot;&quot;,&quot;bottom&quot;:&quot;&quot;,&quot;left&quot;:&quot;&quot;,&quot;isLinked&quot;:true},&quot;element_pack_global_tooltip_padding_tablet&quot;:{&quot;unit&quot;:&quot;px&quot;,&quot;top&quot;:&quot;&quot;,&quot;right&quot;:&quot;&quot;,&quot;bottom&quot;:&quot;&quot;,&quot;left&quot;:&quot;&quot;,&quot;isLinked&quot;:true},&quot;element_pack_global_tooltip_padding_mobile_extra&quot;:{&quot;unit&quot;:&quot;px&quot;,&quot;top&quot;:&quot;&quot;,&quot;right&quot;:&quot;&quot;,&quot;bottom&quot;:&quot;&quot;,&quot;left&quot;:&quot;&quot;,&quot;isLinked&quot;:true},&quot;element_pack_global_tooltip_padding_mobile&quot;:{&quot;unit&quot;:&quot;px&quot;,&quot;top&quot;:&quot;&quot;,&quot;right&quot;:&quot;&quot;,&quot;bottom&quot;:&quot;&quot;,&quot;left&quot;:&quot;&quot;,&quot;isLinked&quot;:true},&quot;element_pack_global_tooltip_border_radius&quot;:{&quot;unit&quot;:&quot;px&quot;,&quot;top&quot;:&quot;&quot;,&quot;right&quot;:&quot;&quot;,&quot;bottom&quot;:&quot;&quot;,&quot;left&quot;:&quot;&quot;,&quot;isLinked&quot;:true},&quot;element_pack_global_tooltip_border_radius_laptop&quot;:{&quot;unit&quot;:&quot;px&quot;,&quot;top&quot;:&quot;&quot;,&quot;right&quot;:&quot;&quot;,&quot;bottom&quot;:&quot;&quot;,&quot;left&quot;:&quot;&quot;,&quot;isLinked&quot;:true},&quot;element_pack_global_tooltip_border_radius_tablet_extra&quot;:{&quot;unit&quot;:&quot;px&quot;,&quot;top&quot;:&quot;&quot;,&quot;right&quot;:&quot;&quot;,&quot;bottom&quot;:&quot;&quot;,&quot;left&quot;:&quot;&quot;,&quot;isLinked&quot;:true},&quot;element_pack_global_tooltip_border_radius_tablet&quot;:{&quot;unit&quot;:&quot;px&quot;,&quot;top&quot;:&quot;&quot;,&quot;right&quot;:&quot;&quot;,&quot;bottom&quot;:&quot;&quot;,&quot;left&quot;:&quot;&quot;,&quot;isLinked&quot;:true},&quot;element_pack_global_tooltip_border_radius_mobile_extra&quot;:{&quot;unit&quot;:&quot;px&quot;,&quot;top&quot;:&quot;&quot;,&quot;right&quot;:&quot;&quot;,&quot;bottom&quot;:&quot;&quot;,&quot;left&quot;:&quot;&quot;,&quot;isLinked&quot;:true},&quot;element_pack_global_tooltip_border_radius_mobile&quot;:{&quot;unit&quot;:&quot;px&quot;,&quot;top&quot;:&quot;&quot;,&quot;right&quot;:&quot;&quot;,&quot;bottom&quot;:&quot;&quot;,&quot;left&quot;:&quot;&quot;,&quot;isLinked&quot;:true}}\" data-elementor-post-type=\"page\">\n\t\t\t\t\t\t<section data-exad-particle-enable=\"false\" class=\"elementor-section elementor-top-section elementor-element elementor-element-0e1442b elementor-section-boxed elementor-section-height-default elementor-section-height-default exad-parallax-effect-no exad-background-color-change-no exad-glass-effect-no exad-sticky-section-no\" data-id=\"0e1442b\" data-element_type=\"section\" data-settings=\"{&quot;_ha_eqh_enable&quot;:false}\">\n\t\t\t\t\t\t<div class=\"elementor-container elementor-column-gap-default\">\n\t\t\t\t\t<div class=\"elementor-column elementor-col-100 elementor-top-column elementor-element elementor-element-2545bb9 exad-glass-effect-no exad-sticky-section-no\" data-id=\"2545bb9\" data-element_type=\"column\">\n\t\t\t<div class=\"elementor-widget-wrap\">\n\t\t\t\t\t\t\t<\/div>\n\t\t<\/div>\n\t\t\t\t\t<\/div>\n\t\t<\/section>\n\t\t\t\t<section data-exad-particle-enable=\"false\" class=\"elementor-section elementor-top-section elementor-element elementor-element-0125be5 elementor-section-boxed elementor-section-height-default elementor-section-height-default exad-parallax-effect-no exad-background-color-change-no exad-glass-effect-no exad-sticky-section-no\" data-id=\"0125be5\" data-element_type=\"section\" data-settings=\"{&quot;_ha_eqh_enable&quot;:false}\">\n\t\t\t\t\t\t<div class=\"elementor-container elementor-column-gap-default\">\n\t\t\t\t\t<div class=\"elementor-column elementor-col-100 elementor-top-column elementor-element elementor-element-7a1f676 exad-glass-effect-no exad-sticky-section-no\" data-id=\"7a1f676\" data-element_type=\"column\">\n\t\t\t<div class=\"elementor-widget-wrap elementor-element-populated\">\n\t\t\t\t\t\t<div class=\"elementor-element elementor-element-7f3b780 exad-sticky-section-no exad-glass-effect-no elementor-widget elementor-widget-image\" data-id=\"7f3b780\" data-element_type=\"widget\" data-widget_type=\"image.default\">\n\t\t\t\t<div class=\"elementor-widget-container\">\n\t\t\t\t\t\t\t\t\t\t\t\t\t\t\t\t<a href=\"https:\/\/www.tceam.tc.br\/wp-content\/uploads\/2023\/05\/alo-tribunal-faixa-1.png\" data-elementor-open-lightbox=\"yes\" data-elementor-lightbox-title=\"alo tribunal - faixa (1)\" data-e-action-hash=\"#elementor-action%3Aaction%3Dlightbox%26settings%3DeyJpZCI6NjM4ODYsInVybCI6Imh0dHBzOlwvXC93d3cudGNlYW0udGMuYnJcL3dwLWNvbnRlbnRcL3VwbG9hZHNcLzIwMjNcLzA1XC9hbG8tdHJpYnVuYWwtZmFpeGEtMS5wbmcifQ%3D%3D\">\n\t\t\t\t\t\t\t<img fetchpriority=\"high\" decoding=\"async\" width=\"2560\" height=\"341\" src=\"https:\/\/www.tceam.tc.br\/wp-content\/uploads\/2023\/05\/alo-tribunal-faixa-1.png\" class=\"attachment-full size-full wp-image-63886\" alt=\"\" srcset=\"https:\/\/www.tceam.tc.br\/wp-content\/uploads\/2023\/05\/alo-tribunal-faixa-1.png 2560w, https:\/\/www.tceam.tc.br\/wp-content\/uploads\/2023\/05\/alo-tribunal-faixa-1-300x40.png 300w, https:\/\/www.tceam.tc.br\/wp-content\/uploads\/2023\/05\/alo-tribunal-faixa-1-1024x137.png 1024w, https:\/\/www.tceam.tc.br\/wp-content\/uploads\/2023\/05\/alo-tribunal-faixa-1-768x102.png 768w, https:\/\/www.tceam.tc.br\/wp-content\/uploads\/2023\/05\/alo-tribunal-faixa-1-1536x205.png 1536w, https:\/\/www.tceam.tc.br\/wp-content\/uploads\/2023\/05\/alo-tribunal-faixa-1-2048x273.png 2048w\" sizes=\"(max-width: 2560px) 100vw, 2560px\" \/>\t\t\t\t\t\t\t\t<\/a>\n\t\t\t\t\t\t\t\t\t\t\t\t\t\t\t<\/div>\n\t\t\t\t<\/div>\n\t\t\t\t<div class=\"elementor-element elementor-element-124a921 exad-sticky-section-no exad-glass-effect-no elementor-widget elementor-widget-text-editor\" data-id=\"124a921\" data-element_type=\"widget\" data-widget_type=\"text-editor.default\">\n\t\t\t\t<div class=\"elementor-widget-container\">\n\t\t\t\t\t\t\t\t\t<div class=\"wp-block-image\"><div class=\"wp-block-image\" style=\"text-align: left;\"><div class=\"wp-block-image\"><div><div class=\"wp-block-image\" style=\"text-align: left;\"><span style=\"color: #000000;\">Hor\u00e1rio de Atendimento: 10h \u00e0s 12h (hor\u00e1rio Manaus)<\/span><\/div><\/div><\/div><p style=\"text-align: left;\"><span style=\"color: #0000ff;\"><strong><a style=\"color: #0000ff;\" href=\"https:\/\/www.tceam.tc.br\/?p=63490\">Entenda a ferramenta &#8216;Al\u00f4 Tribunal&#8217;<\/a><\/strong><\/span><\/p><table class=\" alignleft\" style=\"border-collapse: collapse; width: 87.2876%; height: 1165px;\"><tbody><tr style=\"height: 25px;\"><td style=\"width: 25.0453%; height: 25px;\"><h6><a href=\"https:\/\/meet.google.com\/ocq-kexw-xie\"><span style=\"color: #000000;\"><strong>Gabinete<\/strong><\/span><\/a><\/h6><\/td><td style=\"width: 27.2445%; height: 25px;\"><h6><a href=\"https:\/\/meet.google.com\/ocq-kexw-xie\"><span style=\"color: #000000;\"><strong>Telefone<\/strong><\/span><\/a><\/h6><\/td><td style=\"width: 2.27682%; height: 25px;\"><h6><a href=\"https:\/\/meet.google.com\/ocq-kexw-xie\"><span style=\"color: #000000;\"><strong>E-mail<\/strong><\/span><\/a><\/h6><\/td><td style=\"width: 25.4334%; height: 25px;\"><h6><a href=\"https:\/\/meet.google.com\/ocq-kexw-xie\"><span style=\"color: #000000;\"><strong>Link para v\u00eddeochamada<\/strong><\/span><\/a><\/h6><\/td><\/tr><tr style=\"height: 25px;\"><td style=\"width: 25.0453%; height: 25px;\"><a href=\"https:\/\/meet.google.com\/ocq-kexw-xie\"><span style=\"font-family: tahoma, arial, helvetica, sans-serif; color: #000000;\">Cons. \u00c9rico Desterro<\/span><\/a><\/td><td style=\"width: 27.2445%; height: 25px;\"><a href=\"https:\/\/meet.google.com\/ocq-kexw-xie\"><span style=\"color: #000000;\">(92) 3301-0125<\/span><\/a><\/td><td style=\"width: 2.27682%; height: 25px;\"><a href=\"https:\/\/meet.google.com\/ocq-kexw-xie\"><span style=\"color: #000000;\">gabconserico@tce.am.gov.br<\/span><\/a><\/td><td style=\"width: 25.4334%; height: 25px;\"><span style=\"color: #0000ff;\"><strong><a style=\"color: #0000ff;\" href=\"https:\/\/meet.google.com\/ocq-kexw-xie\">https:\/\/meet.google.com\/ocq-kexw-xie<\/a><\/strong><\/span><\/td><\/tr><tr style=\"height: 25px;\"><td style=\"width: 25.0453%; height: 25px;\"><span style=\"font-family: tahoma, arial, helvetica, sans-serif; color: #000000;\">Cons. Yara Amaz\u00f4nia Lins<\/span><\/td><td style=\"width: 27.2445%; height: 25px;\"><span style=\"color: #000000;\">(92) 3301-8182<\/span><\/td><td style=\"width: 2.27682%; height: 25px;\"><span style=\"color: #000000;\"><a style=\"color: #000000;\" href=\"mailto:gabyara@tce.am.gov.br\" target=\"_blank\" rel=\"noopener\">presidencia@tce.am.gov.br<\/a><\/span><\/td><td style=\"width: 25.4334%; height: 25px;\"><span style=\"color: #0000ff;\"><strong><a style=\"color: #0000ff;\" href=\"https:\/\/meet.google.com\/rxh-qodd-tym\">https:\/\/meet.google.com\/rxh-qodd-tym<\/a><\/strong><\/span><\/td><\/tr><tr style=\"height: 25px;\"><td style=\"width: 25.0453%; height: 25px;\"><span style=\"font-family: tahoma, arial, helvetica, sans-serif; color: #000000;\">Cons. Ari Moutinho J\u00fanior<\/span><\/td><td style=\"width: 27.2445%; height: 25px;\"><span style=\"color: #000000;\">(92) 3301-8170<\/span><\/td><td style=\"width: 2.27682%; height: 25px;\"><span style=\"color: #000000;\">filipe.valle@tce.am.gov.br<\/span><\/td><td style=\"width: 25.4334%; height: 25px;\">\u00a0<\/td><\/tr><tr style=\"height: 25px;\"><td style=\"width: 25.0453%; height: 25px;\"><span style=\"font-family: tahoma, arial, helvetica, sans-serif; color: #000000;\">Cons. Josu\u00e9 Cl\u00e1udio Neto<\/span><\/td><td style=\"width: 27.2445%; height: 25px;\"><span style=\"color: #000000;\">(92) 3301-8225<\/span><\/td><td style=\"width: 2.27682%; height: 25px;\"><span style=\"color: #000000;\">karla.lobo@tce.am.gov.br<\/span><\/td><td style=\"width: 25.4334%; height: 25px;\">\u00a0<\/td><\/tr><tr style=\"height: 25px;\"><td style=\"width: 25.0453%; height: 25px;\"><span style=\"font-family: tahoma, arial, helvetica, sans-serif; color: #000000;\">Cons. Mario de Mello<\/span><\/td><td style=\"width: 27.2445%; height: 25px;\">(92) 3301-0122<\/td><td style=\"width: 2.27682%; height: 25px;\"><span style=\"color: #000000;\">gabmariomello@tce.am.gov.br<\/span><\/td><td style=\"width: 25.4334%; height: 25px;\"><span style=\"font-family: tahoma, arial, helvetica, sans-serif; color: #0000ff;\"><strong><a style=\"color: #0000ff;\" href=\"http:\/\/meet.google.com\/dpz-wviq-jme\">http:\/\/meet.google.com\/dpz-wviq-jme<\/a><\/strong><\/span><\/td><\/tr><tr style=\"height: 25px;\"><td style=\"width: 25.0453%; height: 25px;\"><span style=\"font-family: tahoma, arial, helvetica, sans-serif; color: #000000;\">Cons. Fabian Barbosa<\/span><\/td><td style=\"width: 27.2445%; height: 25px;\"><span style=\"color: #000000;\">(92) 3301-8171; (92) 3301-8172<\/span><\/td><td style=\"width: 2.27682%; height: 25px;\"><span style=\"color: #000000;\">gabconsfabianbarbosa@tce.am.gov.br<\/span><\/td><td style=\"width: 25.4334%; height: 25px;\"><span style=\"color: #0000ff;\"><a style=\"color: #0000ff;\" href=\"http:\/\/meet.google.com\/dbb-xszg-vsa\"><strong>http:\/\/meet.google.com\/dbb-xszg-vsa<\/strong><\/a><\/span><\/td><\/tr><tr style=\"height: 25px;\"><td style=\"width: 25.0453%; height: 25px;\"><span style=\"font-family: tahoma, arial, helvetica, sans-serif; color: #000000;\">Cons. J\u00falio Pinheiro<\/span><\/td><td style=\"width: 27.2445%; height: 25px;\"><span style=\"color: #000000;\">(92) 3301-8164<\/span><\/td><td style=\"width: 2.27682%; height: 25px;\"><span style=\"color: #000000;\">aluizio.cruz@tce.am.gov.br<\/span><\/td><td style=\"width: 25.4334%; height: 25px;\">\u00a0<\/td><\/tr><tr style=\"height: 25px;\"><td style=\"width: 25.0453%; height: 25px;\"><span style=\"font-family: tahoma, arial, helvetica, sans-serif; color: #000000;\">Auditor M\u00e1rio Filho<\/span><\/td><td style=\"width: 27.2445%; height: 25px;\"><span style=\"color: #000000;\">(92) 3301-8236; (92) 3301-<\/span><br \/><span style=\"color: #000000;\">8210<\/span><\/td><td style=\"width: 2.27682%; height: 25px;\"><span style=\"color: #000000;\">jefferson.menezes@tce.am.gov.br<\/span><\/td><td style=\"width: 25.4334%; height: 25px;\">\u00a0<\/td><\/tr><tr style=\"height: 25px;\"><td style=\"width: 25.0453%; height: 25px;\"><span style=\"font-family: tahoma, arial, helvetica, sans-serif; color: #000000;\">Auditor Al\u00edpio Reis Firmo Filho<\/span><\/td><td style=\"width: 27.2445%; height: 25px;\"><span style=\"color: #000000;\">(92) 3301-8249 <\/span><\/td><td style=\"width: 2.27682%; height: 25px;\">gaualipio@tce.am.gov.br<\/td><td style=\"width: 25.4334%; height: 25px;\"><span style=\"color: #0000ff;\"><strong><a style=\"color: #0000ff;\" href=\"http:\/\/meet.google.com\/uco-wpqk-xby\">http:\/\/meet.google.com\/uco-wpqk-xby<\/a><\/strong><\/span><\/td><\/tr><tr style=\"height: 25px;\"><td style=\"width: 25.0453%; height: 25px;\"><span style=\"font-family: tahoma, arial, helvetica, sans-serif; color: #000000;\">Auditor Luiz Henrique Mendes<\/span><\/td><td style=\"width: 27.2445%; height: 25px;\"><span style=\"color: #000000;\">(92) 3301-8237 <\/span><\/td><td style=\"width: 2.27682%; height: 25px;\"><span style=\"color: #000000;\">gabaudluiz@tce.am.gov.br<\/span><\/td><td style=\"width: 25.4334%; height: 25px;\"><span style=\"font-family: tahoma, arial, helvetica, sans-serif; color: #0000ff;\"><strong><a style=\"color: #0000ff;\" href=\"http:\/\/meet.google.com\/ngs-vqhd-jhg\">http:\/\/meet.google.com\/ngs-vqhd-jhg<\/a><\/strong><\/span><\/td><\/tr><tr style=\"height: 25px;\"><td style=\"width: 25.0453%; height: 25px;\"><span style=\"font-family: tahoma, arial, helvetica, sans-serif; color: #000000;\">Auditor Alber Furtado<\/span><\/td><td style=\"width: 27.2445%; height: 25px;\"><span style=\"color: #000000;\">(92) 3301-8339; (92) 3632-0416<\/span><\/td><td style=\"width: 2.27682%; height: 25px;\"><span style=\"color: #000000;\">rafael.picanco@tce.am.gov.br<\/span><\/td><td style=\"width: 25.4334%; height: 25px;\">\u00a0<\/td><\/tr><tr style=\"height: 153px;\"><td style=\"width: 25.0453%; height: 153px;\"><span style=\"font-family: tahoma, arial, helvetica, sans-serif; color: #000000;\">Proc. Fernanda Cantanhede<\/span><\/td><td style=\"width: 27.2445%; height: 153px;\"><span style=\"color: #000000;\">\u00a0(92) 3301-8109; \u00a0(92) 3301-8217<\/span><\/td><td style=\"width: 2.27682%; height: 153px;\"><span style=\"color: #000000;\"><a style=\"color: #000000;\" href=\"mailto:pg.mpc@tce.am.gov.br\"><span style=\"font-weight: 400;\">pg.mpc@tce.am.gov.br<\/span><\/a><\/span><\/td><td style=\"width: 25.4334%; height: 153px;\">\u00a0<\/td><\/tr><tr style=\"height: 79px;\"><td style=\"width: 25.0453%; height: 79px;\"><span style=\"font-family: tahoma, arial, helvetica, sans-serif; color: #000000;\">Proc. Evanildo Santana Bragan\u00e7a<\/span><\/td><td style=\"width: 27.2445%; height: 79px;\"><span style=\"color: #000000;\">\u00a0(92) 3301-8135\u00a0<\/span><\/td><td style=\"width: 2.27682%; height: 79px;\"><span style=\"color: #000000;\"><a style=\"color: #000000;\" href=\"mailto:2proc.mpc@tce.am.gov.br\"><span style=\"font-weight: 400;\">2proc.mpc@tce.am.gov.br<\/span> <\/a><\/span><\/td><td style=\"width: 25.4334%; height: 79px;\">\u00a0<\/td><\/tr><tr style=\"height: 79px;\"><td style=\"width: 25.0453%; height: 79px;\"><span style=\"font-family: tahoma, arial, helvetica, sans-serif; color: #000000;\">Proc. Evelyn Freire de Carvalho<\/span><\/td><td style=\"width: 27.2445%; height: 79px;\"><span style=\"color: #000000;\"> \u00a0(92) 3301-8132; \u00a0(92) 3301-8250; \u00a0(92) 3301-8133<\/span><\/td><td style=\"width: 2.27682%; height: 79px;\"><span style=\"color: #000000;\">9procuradoria@tce.am.gov.br<\/span><\/td><td style=\"width: 25.4334%; height: 79px;\">\u00a0<\/td><\/tr><tr style=\"height: 79px;\"><td style=\"width: 25.0453%; height: 79px;\"><span style=\"font-family: tahoma, arial, helvetica, sans-serif; color: #000000;\">Proc. Ademir Carvalho Pinheiro<\/span><\/td><td style=\"width: 27.2445%; height: 79px;\"><span style=\"color: #000000;\">\u00a0(92) 3301-8139\u00a0<\/span><\/td><td style=\"width: 2.27682%; height: 79px;\"><span style=\"color: #000000;\"><a style=\"color: #000000;\" href=\"mailto:6proc.mpc@tce.am.gov.br\"><span style=\"font-weight: 400;\">6proc.mpc@tce.am.gov.br<\/span><\/a><\/span><\/td><td style=\"width: 25.4334%; height: 79px;\">\u00a0<\/td><\/tr><tr style=\"height: 53px;\"><td style=\"width: 25.0453%; height: 53px;\"><span style=\"font-family: tahoma, arial, helvetica, sans-serif; color: #000000;\">Proc. Eliz\u00e2ngela\u00a0 Marinho<\/span><\/td><td style=\"width: 27.2445%; height: 53px;\"><span style=\"color: #000000;\"> \u00a0(92) 3301-8195<\/span><\/td><td style=\"width: 2.27682%; height: 53px;\"><span style=\"color: #000000;\"><a style=\"color: #000000;\" href=\"mailto:3proc.mpc@tce.am.gov.br\"><span style=\"font-weight: 400;\">3proc.mpc@tce.am.gov.br<\/span><\/a><\/span><\/td><td style=\"width: 25.4334%; height: 53px;\">\u00a0<\/td><\/tr><tr style=\"height: 79px;\"><td style=\"width: 25.0453%; height: 79px;\"><span style=\"font-family: tahoma, arial, helvetica, sans-serif; color: #000000;\">Proc. Carlos Alberto de Almeida<\/span><\/td><td style=\"width: 27.2445%; height: 79px;\"><span style=\"color: #000000;\"> \u00a0(92) 3301-8102; \u00a0(92) 3301-8130<\/span><\/td><td style=\"width: 2.27682%; height: 79px;\"><span style=\"color: #000000;\"> <a style=\"color: #000000;\" href=\"mailto:4proc.mpc@tce.am.gov.br\"><span style=\"font-weight: 400;\">4proc.mpc@tce.am.gov.br<\/span> <\/a><\/span><\/td><td style=\"width: 25.4334%; height: 79px;\">\u00a0<\/td><\/tr><tr style=\"height: 106px;\"><td style=\"width: 25.0453%; height: 106px;\"><span style=\"font-family: tahoma, arial, helvetica, sans-serif; color: #000000;\">Proc. Ruy Marcelo Alencar de Mendon\u00e7a<\/span><\/td><td style=\"width: 27.2445%; height: 106px;\"><span style=\"color: #000000;\">\u00a0(92) 3301-8220\u00a0<\/span><\/td><td style=\"width: 2.27682%; height: 106px;\"><span style=\"color: #000000;\"><a style=\"color: #000000;\" href=\"mailto:7proc.mpc@tce.am.gov.br\"><span style=\"font-weight: 400;\">7proc.mpc@tce.am.gov.br<\/span><\/a><\/span><\/td><td style=\"width: 25.4334%; height: 106px;\">\u00a0<\/td><\/tr><tr style=\"height: 79px;\"><td style=\"width: 25.0453%; height: 79px;\"><span style=\"font-family: tahoma, arial, helvetica, sans-serif; color: #000000;\">Proc. Elissandra Monteiro Freire<\/span><\/td><td style=\"width: 27.2445%; height: 79px;\"><span style=\"color: #000000;\">\u00a0(92) 3301-8247<\/span><\/td><td style=\"width: 2.27682%; height: 79px;\"><span style=\"color: #000000;\"><a style=\"color: #000000;\" href=\"mailto:5proc.mpc@tce.am.gov.br\"><span style=\"font-weight: 400;\">5proc.mpc@tce.am.gov.br<\/span><\/a><\/span><\/td><td style=\"width: 25.4334%; height: 79px;\"><span style=\"color: #0000ff;\"><strong><a style=\"color: #0000ff;\" href=\"http:\/\/meet.google.com\/jzj-wity-spd\">http:\/\/meet.google.com\/<\/a><a style=\"color: #0000ff;\" href=\"http:\/\/meet.google.com\/jzj-wity-spd\" target=\"_blank\" rel=\"noopener\" data-saferedirecturl=\"https:\/\/www.google.com\/url?q=http:\/\/meet.google.com\/jzj-wity-spd&amp;source=gmail&amp;ust=1691584951532000&amp;usg=AOvVaw1o36BtoJU0qfiQdMePEZ0P\">jzj-<wbr \/>wity-spd<\/a><\/strong><\/span><\/td><\/tr><tr style=\"height: 79px;\"><td style=\"width: 25.0453%; height: 79px;\"><span style=\"font-family: tahoma, arial, helvetica, sans-serif; color: #000000;\">Proc. Roberto Cavalcante Krichan\u00e3<\/span><\/td><td style=\"width: 27.2445%; height: 79px;\"><span style=\"color: #000000;\"> \u00a0(92) 3301-8140; \u00a0(92) 3301-8141<\/span><\/td><td style=\"width: 2.27682%; height: 79px;\"><span style=\"color: #000000;\"><a style=\"color: #000000;\" href=\"mailto:1proc.mpc@tce.am.gov.br\"><span style=\"font-weight: 400;\">1proc.mpc@tce.am.gov.br<\/span><\/a><\/span><\/td><td style=\"width: 25.4334%; height: 79px;\">\u00a0<\/td><\/tr><tr style=\"height: 79px;\"><td style=\"width: 25.0453%; height: 79px;\"><span style=\"font-family: tahoma, arial, helvetica, sans-serif; color: #000000;\">Proc. Jo\u00e3o Barroso de Souza<\/span><\/td><td style=\"width: 27.2445%; height: 79px;\"><span style=\"color: #000000;\">\u00a0(92) 3301-8137\u00a0<\/span><\/td><td style=\"width: 2.27682%; height: 79px;\"><span style=\"color: #000000;\"><a style=\"color: #000000;\" href=\"mailto:8proc.mpc@tce.am.gov.br\"><span style=\"font-weight: 400;\">8proc.mpc@tce.am.gov.br<\/span><\/a><\/span><\/td><td style=\"width: 25.4334%; height: 79px;\">\u00a0<\/td><\/tr><\/tbody><\/table><\/div><\/div>\t\t\t\t\t\t\t\t<\/div>\n\t\t\t\t<\/div>\n\t\t\t\t\t<\/div>\n\t\t<\/div>\n\t\t\t\t\t<\/div>\n\t\t<\/section>\n\t\t\t\t<\/div>\n\t\t","protected":false},"excerpt":{"rendered":"<p>Hor\u00e1rio de Atendimento: 10h \u00e0s 12h (hor\u00e1rio Manaus) Entenda a ferramenta &#8216;Al\u00f4 Tribunal&#8217; Gabinete Telefone E-mail Link para v\u00eddeochamada Cons. \u00c9rico Desterro (92) 3301-0125 gabconserico@tce.am.gov.br https:\/\/meet.google.com\/ocq-kexw-xie Cons. Yara Amaz\u00f4nia Lins (92) 3301-8182 presidencia@tce.am.gov.br https:\/\/meet.google.com\/rxh-qodd-tym Cons. Ari Moutinho J\u00fanior (92) 3301-8170 filipe.valle@tce.am.gov.br \u00a0 Cons. Josu\u00e9 Cl\u00e1udio Neto (92) 3301-8225 karla.lobo@tce.am.gov.br \u00a0 Cons. Mario de Mello (92) [&hellip;]<\/p>\n","protected":false},"author":3,"featured_media":0,"parent":0,"menu_order":0,"comment_status":"closed","ping_status":"closed","template":"","meta":{"footnotes":""},"class_list":["post-63719","page","type-page","status-publish","hentry"],"_links":{"self":[{"href":"https:\/\/www.tceam.tc.br\/index.php?rest_route=\/wp\/v2\/pages\/63719","targetHints":{"allow":["GET"]}}],"collection":[{"href":"https:\/\/www.tceam.tc.br\/index.php?rest_route=\/wp\/v2\/pages"}],"about":[{"href":"https:\/\/www.tceam.tc.br\/index.php?rest_route=\/wp\/v2\/types\/page"}],"author":[{"embeddable":true,"href":"https:\/\/www.tceam.tc.br\/index.php?rest_route=\/wp\/v2\/users\/3"}],"replies":[{"embeddable":true,"href":"https:\/\/www.tceam.tc.br\/index.php?rest_route=%2Fwp%2Fv2%2Fcomments&post=63719"}],"version-history":[{"count":143,"href":"https:\/\/www.tceam.tc.br\/index.php?rest_route=\/wp\/v2\/pages\/63719\/revisions"}],"predecessor-version":[{"id":82919,"href":"https:\/\/www.tceam.tc.br\/index.php?rest_route=\/wp\/v2\/pages\/63719\/revisions\/82919"}],"wp:attachment":[{"href":"https:\/\/www.tceam.tc.br\/index.php?rest_route=%2Fwp%2Fv2%2Fmedia&parent=63719"}],"curies":[{"name":"wp","href":"https:\/\/api.w.org\/{rel}","templated":true}]}}