
{"id":55123,"date":"2022-06-01T08:25:33","date_gmt":"2022-06-01T12:25:33","guid":{"rendered":"https:\/\/www.tceam.tc.br\/?page_id=55123"},"modified":"2022-06-30T08:06:58","modified_gmt":"2022-06-30T12:06:58","slug":"junho-de-2022","status":"publish","type":"page","link":"https:\/\/www.tceam.tc.br\/?page_id=55123","title":{"rendered":"Junho de 2022"},"content":{"rendered":"<table style=\"width: 78.4152%; height: 931px;\">\n<tbody>\n<tr style=\"height: 24px;\">\n<td style=\"height: 24px; width: 24.5919%;\"><span style=\"font-size: 12pt;\"><strong>Dia<\/strong><\/span><\/td>\n<td style=\"height: 24px; width: 39.9347%;\"><span style=\"font-size: 12pt;\"><strong>Jornal<\/strong><\/span><\/td>\n<td style=\"height: 24px; width: 52.0131%;\"><span style=\"font-size: 12pt;\"><strong>Caderno<\/strong><\/span><\/td>\n<\/tr>\n<tr style=\"height: 24px;\">\n<td style=\"height: 24px; width: 24.5919%;\">01\/06\/2022<\/td>\n<td style=\"height: 24px; width: 39.9347%;\">Di\u00e1rio do Amazonas<\/td>\n<td style=\"height: 24px; width: 52.0131%;\"><a href=\"https:\/\/www.tceam.tc.br\/wp-content\/uploads\/2022\/06\/CamScanner-06-02-2022-09.35.pdf\">Primeiro Plano<\/a><\/td>\n<\/tr>\n<tr style=\"height: 24px;\">\n<td style=\"height: 24px; width: 24.5919%;\">01\/06\/2022<\/td>\n<td style=\"height: 24px; width: 39.9347%;\">Jornal do Commercio<\/td>\n<td style=\"height: 24px; width: 52.0131%;\"><a href=\"https:\/\/www.tceam.tc.br\/wp-content\/uploads\/2022\/06\/CamScanner-06-02-2022-09.35_2.pdf\">Pedro Cort\u00eas<\/a><\/td>\n<\/tr>\n<tr style=\"height: 24px;\">\n<td style=\"height: 24px; width: 24.5919%;\">02\/06\/2022<\/td>\n<td style=\"height: 24px; width: 39.9347%;\">Jornal do Commercio<\/td>\n<td style=\"height: 24px; width: 52.0131%;\"><a href=\"https:\/\/www.tceam.tc.br\/wp-content\/uploads\/2022\/06\/PGA8_0206.pdf\">Falando de Contas<\/a><\/td>\n<\/tr>\n<tr style=\"height: 24px;\">\n<td style=\"height: 24px; width: 24.5919%;\">02\/06\/2022<\/td>\n<td style=\"height: 24px; width: 39.9347%;\">A Cr\u00edtica<\/td>\n<td style=\"height: 24px; width: 52.0131%;\"><a href=\"https:\/\/www.tceam.tc.br\/wp-content\/uploads\/2022\/06\/CamScanner-06-02-2022-09.56_2.pdf\">J\u00falio Ventilari<\/a><\/td>\n<\/tr>\n<tr style=\"height: 24px;\">\n<td style=\"height: 24px; width: 24.5919%;\">02\/06\/2022<\/td>\n<td style=\"height: 24px; width: 39.9347%;\">Di\u00e1rio do Amazonas<\/td>\n<td style=\"height: 24px; width: 52.0131%;\"><a href=\"https:\/\/www.tceam.tc.br\/wp-content\/uploads\/2022\/06\/CamScanner-06-02-2022-09.56-1.pdf\">Primeiro Plano<\/a><\/td>\n<\/tr>\n<tr style=\"height: 24px;\">\n<td style=\"width: 24.5919%; height: 24px;\">03\/06\/2022<\/td>\n<td style=\"width: 39.9347%; height: 24px;\">Di\u00e1rio do Amazonas<\/td>\n<td style=\"width: 52.0131%; height: 24px;\"><a href=\"https:\/\/www.tceam.tc.br\/wp-content\/uploads\/2022\/06\/CamScanner-06-03-2022-08.22-1.pdf\">Claro e Escuro<\/a><\/td>\n<\/tr>\n<tr style=\"height: 24px;\">\n<td style=\"width: 24.5919%; height: 24px;\">03\/06\/2022<\/td>\n<td style=\"width: 39.9347%; height: 24px;\">Di\u00e1rio do Par\u00e1<\/td>\n<td style=\"width: 52.0131%; height: 24px;\"><a href=\"https:\/\/www.tceam.tc.br\/wp-content\/uploads\/2022\/06\/para.png\">A8 Par\u00e1<\/a><\/td>\n<\/tr>\n<tr style=\"height: 24px;\">\n<td style=\"width: 24.5919%; height: 24px;\">06\/06\/2022<\/td>\n<td style=\"width: 39.9347%; height: 24px;\">Di\u00e1rio do Amazonas<\/td>\n<td style=\"width: 52.0131%; height: 24px;\"><a href=\"https:\/\/www.tceam.tc.br\/wp-content\/uploads\/2022\/06\/CamScanner-06-06-2022-09.33.pdf\">Primeiro Plano<\/a><\/td>\n<\/tr>\n<tr style=\"height: 24px;\">\n<td style=\"width: 24.5919%; height: 24px;\">08\/06\/2022<\/td>\n<td style=\"width: 39.9347%; height: 24px;\">Jornal do Comercio<\/td>\n<td style=\"width: 52.0131%; height: 24px;\"><a href=\"https:\/\/www.tceam.tc.br\/wp-content\/uploads\/2022\/06\/CamScanner-06-09-2022-09.53_2.pdf\">Maz\u00e9 Mour\u00e3o<\/a><\/td>\n<\/tr>\n<tr style=\"height: 24px;\">\n<td style=\"width: 24.5919%; height: 24px;\">08\/06\/2022<\/td>\n<td style=\"width: 39.9347%; height: 24px;\">Di\u00e1rio do Amazonas<\/td>\n<td style=\"width: 52.0131%; height: 24px;\"><a href=\"https:\/\/www.tceam.tc.br\/wp-content\/uploads\/2022\/06\/CamScanner-06-09-2022-09.53.pdf\">Alexandre Prata<\/a><\/td>\n<\/tr>\n<tr style=\"height: 24px;\">\n<td style=\"width: 24.5919%; height: 24px;\">09\/06\/2022<\/td>\n<td style=\"width: 39.9347%; height: 24px;\">Di\u00e1rio do Amazonas<\/td>\n<td style=\"width: 52.0131%; height: 24px;\"><a href=\"https:\/\/www.tceam.tc.br\/wp-content\/uploads\/2022\/06\/CamScanner-06-09-2022-09.53_3.pdf\">Cidades<\/a><\/td>\n<\/tr>\n<tr style=\"height: 24px;\">\n<td style=\"width: 24.5919%; height: 24px;\">09\/06\/2022<\/td>\n<td style=\"width: 39.9347%; height: 24px;\">A Cr\u00edtica<\/td>\n<td style=\"width: 52.0131%; height: 24px;\"><a href=\"https:\/\/www.tceam.tc.br\/wp-content\/uploads\/2022\/06\/CamScanner-06-09-2022-10.03-1.pdf\">J\u00falio Ventilari<\/a><\/td>\n<\/tr>\n<tr style=\"height: 24px;\">\n<td style=\"width: 24.5919%; height: 24px;\">09\/06\/2022<\/td>\n<td style=\"width: 39.9347%; height: 24px;\">A Cr\u00edtica<\/td>\n<td style=\"width: 52.0131%; height: 24px;\"><a href=\"https:\/\/www.tceam.tc.br\/wp-content\/uploads\/2022\/06\/CamScanner-06-09-2022-10.03_4.pdf\">Pol\u00edtica<\/a><\/td>\n<\/tr>\n<tr style=\"height: 24px;\">\n<td style=\"width: 24.5919%; height: 24px;\">13\/06\/2022<\/td>\n<td style=\"width: 39.9347%; height: 24px;\">Em Tempo<\/td>\n<td style=\"width: 52.0131%; height: 24px;\"><a href=\"https:\/\/www.tceam.tc.br\/wp-content\/uploads\/2022\/06\/CamScanner-06-14-2022-09.45.pdf\">Fernando Coelho Jr.<\/a><\/td>\n<\/tr>\n<tr style=\"height: 24px;\">\n<td style=\"width: 24.5919%; height: 24px;\">13\/06\/2022<\/td>\n<td style=\"width: 39.9347%; height: 24px;\">Di\u00e1rio do Amazonas<\/td>\n<td style=\"width: 52.0131%; height: 24px;\"><a href=\"https:\/\/www.tceam.tc.br\/wp-content\/uploads\/2022\/06\/CamScanner-06-14-2022-09.45_2.pdf\">Capa<\/a><\/td>\n<\/tr>\n<tr style=\"height: 24px;\">\n<td style=\"width: 24.5919%; height: 24px;\">13\/06\/2022<\/td>\n<td style=\"width: 39.9347%; height: 24px;\">Di\u00e1rio do Amazonas<\/td>\n<td style=\"width: 52.0131%; height: 24px;\"><a href=\"https:\/\/www.tceam.tc.br\/wp-content\/uploads\/2022\/06\/CamScanner-06-14-2022-09.52.pdf\">Primeiro Plano<\/a><\/td>\n<\/tr>\n<tr style=\"height: 24px;\">\n<td style=\"width: 24.5919%; height: 24px;\">20\/06\/2022<\/td>\n<td style=\"width: 39.9347%; height: 24px;\">Di\u00e1rio do Amazonas<\/td>\n<td style=\"width: 52.0131%; height: 24px;\"><a href=\"https:\/\/www.tceam.tc.br\/wp-content\/uploads\/2022\/06\/CamScanner-06-20-2022-11.25-2.pdf\">Primeiro Plano<\/a><\/td>\n<\/tr>\n<tr style=\"height: 24px;\">\n<td style=\"width: 24.5919%; height: 24px;\">20\/06\/2022<\/td>\n<td style=\"width: 39.9347%; height: 24px;\">Jornal do Commercio<\/td>\n<td style=\"width: 52.0131%; height: 24px;\"><a href=\"https:\/\/www.tceam.tc.br\/wp-content\/uploads\/2022\/06\/CamScanner-06-20-2022-11.25_2-1.pdf\">Falando de Contas<\/a><\/td>\n<\/tr>\n<tr style=\"height: 24px;\">\n<td style=\"width: 24.5919%; height: 24px;\">20\/06\/2022<\/td>\n<td style=\"width: 39.9347%; height: 24px;\">A Cr\u00edtica<\/td>\n<td style=\"width: 52.0131%; height: 24px;\"><a href=\"https:\/\/www.tceam.tc.br\/wp-content\/uploads\/2022\/06\/CamScanner-06-20-2022-11.25_3-1.pdf\">J\u00falio Ventilari<\/a><\/td>\n<\/tr>\n<tr style=\"height: 24px;\">\n<td style=\"width: 24.5919%; height: 24px;\">20\/06\/2022<\/td>\n<td style=\"width: 39.9347%; height: 24px;\">Jornal do Commercio<\/td>\n<td style=\"width: 52.0131%; height: 24px;\"><a href=\"https:\/\/www.tceam.tc.br\/wp-content\/uploads\/2022\/06\/CamScanner-06-20-2022-11.25_5.pdf\">Pedrinho Aguiar<\/a><\/td>\n<\/tr>\n<tr style=\"height: 24px;\">\n<td style=\"width: 24.5919%; height: 24px;\">20\/06\/2022<\/td>\n<td style=\"width: 39.9347%; height: 24px;\">Di\u00e1rio do Amazonas<\/td>\n<td style=\"width: 52.0131%; height: 24px;\"><a href=\"https:\/\/www.tceam.tc.br\/wp-content\/uploads\/2022\/06\/CamScanner-06-20-2022-11.25_6.pdf\">Primeiro Plano<\/a><\/td>\n<\/tr>\n<tr style=\"height: 24px;\">\n<td style=\"width: 24.5919%; height: 24px;\">22\/06\/2022<\/td>\n<td style=\"width: 39.9347%; height: 24px;\">Jornal do Com\u00e9rcio<\/td>\n<td style=\"width: 52.0131%; height: 24px;\"><a href=\"https:\/\/www.tceam.tc.br\/wp-content\/uploads\/2022\/06\/Jornal-do-comercio-.-Mazer-Mourao.pdf\">Maz\u00e9 Mour\u00e3o<\/a><\/td>\n<\/tr>\n<tr style=\"height: 24px;\">\n<td style=\"width: 24.5919%; height: 24px;\">22\/06\/2022<\/td>\n<td style=\"width: 39.9347%; height: 24px;\">Di\u00e1rio do Amazonas<\/td>\n<td style=\"width: 52.0131%; height: 24px;\"><a href=\"https:\/\/www.tceam.tc.br\/wp-content\/uploads\/2022\/06\/Diario-do-Amazonas.-Politica-1.pdf\">Pol\u00edtica<\/a><\/td>\n<\/tr>\n<tr style=\"height: 24px;\">\n<td style=\"width: 24.5919%; height: 24px;\">23\/06\/2022<\/td>\n<td style=\"width: 39.9347%; height: 24px;\">A Cr\u00edtica<\/td>\n<td style=\"width: 52.0131%; height: 24px;\"><a href=\"https:\/\/www.tceam.tc.br\/wp-content\/uploads\/2022\/06\/CamScanner-06-23-2022-11.03-1.pdf\">Sobe e Desce<\/a><\/td>\n<\/tr>\n<tr style=\"height: 19px;\">\n<td style=\"width: 24.5919%; height: 19px;\">23\/06\/2022<\/td>\n<td style=\"width: 39.9347%; height: 19px;\">Jornal do Commercio<\/td>\n<td style=\"width: 52.0131%; height: 19px;\"><a href=\"https:\/\/www.tceam.tc.br\/wp-content\/uploads\/2022\/06\/PGA8_2306.pdf\">Falando de Contas<\/a><\/td>\n<\/tr>\n<tr style=\"height: 24px;\">\n<td style=\"width: 24.5919%; height: 24px;\">23\/06\/2022<\/td>\n<td style=\"width: 39.9347%; height: 24px;\">Di\u00e1rio do Amazonas<\/td>\n<td style=\"width: 52.0131%; height: 24px;\"><a href=\"https:\/\/www.tceam.tc.br\/wp-content\/uploads\/2022\/06\/CamScanner-06-23-2022-11.03_2-1.pdf\">Pol\u00edtica<\/a><\/td>\n<\/tr>\n<tr style=\"height: 24px;\">\n<td style=\"width: 24.5919%; height: 24px;\">23\/06\/2022<\/td>\n<td style=\"width: 39.9347%; height: 24px;\">Di\u00e1rio do Amazonas<\/td>\n<td style=\"width: 52.0131%; height: 24px;\"><a href=\"https:\/\/www.tceam.tc.br\/wp-content\/uploads\/2022\/06\/CamScanner-06-23-2022-11.03_3.pdf\">Zenaldo Mota<\/a><\/td>\n<\/tr>\n<tr style=\"height: 24px;\">\n<td style=\"width: 24.5919%; height: 24px;\">24\/06\/2022<\/td>\n<td style=\"width: 39.9347%; height: 24px;\">Em Tempo<\/td>\n<td style=\"width: 52.0131%; height: 24px;\"><a href=\"https:\/\/www.tceam.tc.br\/wp-content\/uploads\/2022\/06\/Jornal-Em-tempo.-Plateia-Fernando-Coelho-Jr.-2.pdf\">Fernando Coelho Jr.<\/a><\/td>\n<\/tr>\n<tr style=\"height: 24px;\">\n<td style=\"width: 24.5919%; height: 24px;\">25\/06\/2022<\/td>\n<td style=\"width: 39.9347%; height: 24px;\">Di\u00e1rio do Amazonas<\/td>\n<td style=\"width: 52.0131%; height: 24px;\"><a href=\"https:\/\/www.tceam.tc.br\/wp-content\/uploads\/2022\/06\/Diario-do-Amazonas.-Alexandre-Prata-1.pdf\">Alexandre Prata<\/a><\/td>\n<\/tr>\n<tr style=\"height: 24px;\">\n<td style=\"width: 24.5919%; height: 24px;\">25\/06\/2022<\/td>\n<td style=\"width: 39.9347%; height: 24px;\">Em Tempo<\/td>\n<td style=\"width: 52.0131%; height: 24px;\"><a href=\"https:\/\/www.tceam.tc.br\/wp-content\/uploads\/2022\/06\/Diario-do-Amazonas.-Alexandre-Prata_2-2-1.pdf\">Maza Lopes<\/a><\/td>\n<\/tr>\n<tr style=\"height: 24px;\">\n<td style=\"width: 24.5919%; height: 24px;\">28\/06\/2022<\/td>\n<td style=\"width: 39.9347%; height: 24px;\">Di\u00e1rio do Amazonas<\/td>\n<td style=\"width: 52.0131%; height: 24px;\"><a href=\"https:\/\/www.tceam.tc.br\/wp-content\/uploads\/2022\/06\/Acritica.-Guto-Oliveira_2.pdf\">Pol\u00edtica<\/a><\/td>\n<\/tr>\n<tr style=\"height: 24px;\">\n<td style=\"width: 24.5919%; height: 24px;\">28\/06\/2022<\/td>\n<td style=\"width: 39.9347%; height: 24px;\">Di\u00e1rio do Amazonas<\/td>\n<td style=\"width: 52.0131%; height: 24px;\"><a href=\"https:\/\/www.tceam.tc.br\/wp-content\/uploads\/2022\/06\/Acritica.-Guto-Oliveira_3_Diario-do-Amazonas.-Zeraldo-Mota.pdf\">Zenaldo Mota<\/a><\/td>\n<\/tr>\n<tr style=\"height: 24px;\">\n<td style=\"width: 24.5919%; height: 24px;\">28\/06\/2022<\/td>\n<td style=\"width: 39.9347%; height: 24px;\">Em Tempo<\/td>\n<td style=\"width: 52.0131%; height: 24px;\"><a href=\"https:\/\/www.tceam.tc.br\/wp-content\/uploads\/2022\/06\/Acritica.-Guto-Oliveira-1.pdf\">Editorial<\/a><\/td>\n<\/tr>\n<tr style=\"height: 24px;\">\n<td style=\"width: 24.5919%; height: 24px;\">28\/06\/2022<\/td>\n<td style=\"width: 39.9347%; height: 24px;\">Em Tempo<\/td>\n<td style=\"width: 52.0131%; height: 24px;\"><a href=\"https:\/\/www.tceam.tc.br\/wp-content\/uploads\/2022\/06\/Acritica.-Guto-Oliveira_5-1.pdf\">Fernando Coelho Jr.<\/a><\/td>\n<\/tr>\n<tr style=\"height: 24px;\">\n<td style=\"width: 24.5919%; height: 24px;\">28\/06\/2022<\/td>\n<td style=\"width: 39.9347%; height: 24px;\">A Cr\u00edtica<\/td>\n<td style=\"width: 52.0131%; height: 24px;\"><a href=\"https:\/\/www.tceam.tc.br\/wp-content\/uploads\/2022\/06\/Acritica.-Guto-Oliveira.pdf\">Guto Oliveira<\/a><\/td>\n<\/tr>\n<tr style=\"height: 24px;\">\n<td style=\"width: 24.5919%; height: 24px;\">29\/06\/2022<\/td>\n<td style=\"width: 39.9347%; height: 24px;\">A Cr\u00edtica<\/td>\n<td style=\"width: 52.0131%; height: 24px;\"><a href=\"https:\/\/www.tceam.tc.br\/wp-content\/uploads\/2022\/06\/CamScanner-06-29-2022-10.31.pdf\">Cidades<\/a><\/td>\n<\/tr>\n<tr style=\"height: 24px;\">\n<td style=\"width: 24.5919%; height: 24px;\">30\/06\/2022<\/td>\n<td style=\"width: 39.9347%; height: 24px;\">Jornal do Commercio<\/td>\n<td style=\"width: 52.0131%; height: 24px;\"><a href=\"https:\/\/www.tceam.tc.br\/wp-content\/uploads\/2022\/06\/jornal-do-comer.-falando-de-Contas.pdf\">Falando de Contas<\/a><\/td>\n<\/tr>\n<tr style=\"height: 24px;\">\n<td style=\"width: 24.5919%; height: 24px;\">30\/06\/2022<\/td>\n<td style=\"width: 39.9347%; height: 24px;\">Di\u00e1rio do Amazonas<\/td>\n<td style=\"width: 52.0131%; height: 24px;\"><a href=\"https:\/\/www.tceam.tc.br\/wp-content\/uploads\/2022\/06\/diario.-zelando-mota.pdf\">Zenaldo Mota<\/a><\/td>\n<\/tr>\n<\/tbody>\n<\/table>\n","protected":false},"excerpt":{"rendered":"<p>Dia Jornal Caderno 01\/06\/2022 Di\u00e1rio do Amazonas Primeiro Plano 01\/06\/2022 Jornal do Commercio Pedro Cort\u00eas 02\/06\/2022 Jornal do Commercio Falando de Contas 02\/06\/2022 A Cr\u00edtica J\u00falio Ventilari 02\/06\/2022 Di\u00e1rio do Amazonas Primeiro Plano 03\/06\/2022 Di\u00e1rio do Amazonas Claro e Escuro 03\/06\/2022 Di\u00e1rio do Par\u00e1 A8 Par\u00e1 06\/06\/2022 Di\u00e1rio do Amazonas Primeiro Plano 08\/06\/2022 Jornal do [&hellip;]<\/p>\n","protected":false},"author":49,"featured_media":0,"parent":0,"menu_order":0,"comment_status":"closed","ping_status":"closed","template":"","meta":{"footnotes":""},"class_list":["post-55123","page","type-page","status-publish","hentry"],"_links":{"self":[{"href":"https:\/\/www.tceam.tc.br\/index.php?rest_route=\/wp\/v2\/pages\/55123","targetHints":{"allow":["GET"]}}],"collection":[{"href":"https:\/\/www.tceam.tc.br\/index.php?rest_route=\/wp\/v2\/pages"}],"about":[{"href":"https:\/\/www.tceam.tc.br\/index.php?rest_route=\/wp\/v2\/types\/page"}],"author":[{"embeddable":true,"href":"https:\/\/www.tceam.tc.br\/index.php?rest_route=\/wp\/v2\/users\/49"}],"replies":[{"embeddable":true,"href":"https:\/\/www.tceam.tc.br\/index.php?rest_route=%2Fwp%2Fv2%2Fcomments&post=55123"}],"version-history":[{"count":21,"href":"https:\/\/www.tceam.tc.br\/index.php?rest_route=\/wp\/v2\/pages\/55123\/revisions"}],"predecessor-version":[{"id":55250,"href":"https:\/\/www.tceam.tc.br\/index.php?rest_route=\/wp\/v2\/pages\/55123\/revisions\/55250"}],"wp:attachment":[{"href":"https:\/\/www.tceam.tc.br\/index.php?rest_route=%2Fwp%2Fv2%2Fmedia&parent=55123"}],"curies":[{"name":"wp","href":"https:\/\/api.w.org\/{rel}","templated":true}]}}