
{"id":46171,"date":"2021-07-09T08:54:59","date_gmt":"2021-07-09T12:54:59","guid":{"rendered":"https:\/\/www.tceam.tc.br\/?page_id=46171"},"modified":"2021-07-09T09:19:36","modified_gmt":"2021-07-09T13:19:36","slug":"planilhas-referentes-aos-modelos-2-e-3-da-portaria-no-01-2021","status":"publish","type":"page","link":"https:\/\/www.tceam.tc.br\/?page_id=46171","title":{"rendered":"PLANILHAS REFERENTES AOS MODELOS 2 E 3 DA PORTARIA N\u00ba 01\/2021"},"content":{"rendered":"<p><span style=\"color: #0000ff;\"><a style=\"color: #0000ff;\" href=\"https:\/\/www.tceam.tc.br\/wp-content\/uploads\/2021\/07\/Evidenciacao-da-Dotacao-Orcamentaria-e-Despesa-Mensal-revisada-em-05-07-2021.xlsx\">4. Evidencia\u00e7\u00e3o da Dota\u00e7\u00e3o Or\u00e7ament\u00e1ria e Despesa Mensal (revisada em 05.07.2021)<\/a><\/span><\/p>\n<p>&nbsp;<\/p>\n","protected":false},"excerpt":{"rendered":"<p>4. Evidencia\u00e7\u00e3o da Dota\u00e7\u00e3o Or\u00e7ament\u00e1ria e Despesa Mensal (revisada em 05.07.2021) &nbsp;<\/p>\n","protected":false},"author":46,"featured_media":0,"parent":0,"menu_order":0,"comment_status":"closed","ping_status":"closed","template":"","meta":{"footnotes":""},"class_list":["post-46171","page","type-page","status-publish","hentry"],"_links":{"self":[{"href":"https:\/\/www.tceam.tc.br\/index.php?rest_route=\/wp\/v2\/pages\/46171","targetHints":{"allow":["GET"]}}],"collection":[{"href":"https:\/\/www.tceam.tc.br\/index.php?rest_route=\/wp\/v2\/pages"}],"about":[{"href":"https:\/\/www.tceam.tc.br\/index.php?rest_route=\/wp\/v2\/types\/page"}],"author":[{"embeddable":true,"href":"https:\/\/www.tceam.tc.br\/index.php?rest_route=\/wp\/v2\/users\/46"}],"replies":[{"embeddable":true,"href":"https:\/\/www.tceam.tc.br\/index.php?rest_route=%2Fwp%2Fv2%2Fcomments&post=46171"}],"version-history":[{"count":2,"href":"https:\/\/www.tceam.tc.br\/index.php?rest_route=\/wp\/v2\/pages\/46171\/revisions"}],"predecessor-version":[{"id":46176,"href":"https:\/\/www.tceam.tc.br\/index.php?rest_route=\/wp\/v2\/pages\/46171\/revisions\/46176"}],"wp:attachment":[{"href":"https:\/\/www.tceam.tc.br\/index.php?rest_route=%2Fwp%2Fv2%2Fmedia&parent=46171"}],"curies":[{"name":"wp","href":"https:\/\/api.w.org\/{rel}","templated":true}]}}