
{"id":45352,"date":"2021-05-10T12:38:04","date_gmt":"2021-05-10T16:38:04","guid":{"rendered":"https:\/\/www.tceam.tc.br\/?page_id=45352"},"modified":"2024-02-08T09:42:05","modified_gmt":"2024-02-08T13:42:05","slug":"concurso-no-01-2021","status":"publish","type":"page","link":"https:\/\/www.tceam.tc.br\/?page_id=45352","title":{"rendered":"Concurso n\u00ba 01\/2021"},"content":{"rendered":"<p>&nbsp;<\/p>\n<table style=\"height: 552px; width: 60.467%;\" width=\"821\">\n<tbody>\n<tr style=\"height: 24px;\">\n<td style=\"height: 360px;\" rowspan=\"8\" width=\"360\"><strong>DOCUMENTA\u00c7\u00d5ES<\/strong><\/td>\n<td style=\"height: 24px;\" width=\"125\"><a href=\"https:\/\/www.tceam.tc.br\/wp-content\/uploads\/2023\/11\/Atos-de-Nomeacao-29.11.pdf\"><b>Atos de Nomea\u00e7\u00e3o<\/b><\/a><\/td>\n<\/tr>\n<tr style=\"height: 48px;\">\n<td style=\"height: 48px;\" width=\"125\"><strong><a href=\"https:\/\/www.tceam.tc.br\/wp-content\/uploads\/2023\/04\/EDITAL-DE-HOMOLOGACAO-MP-GOV.pdf\">EDITAL DE HOMOLOGA\u00c7\u00c3O &#8211; MP-GOV<\/a><\/strong><\/td>\n<\/tr>\n<tr style=\"height: 72px;\">\n<td style=\"height: 72px;\" width=\"125\"><strong><a href=\"https:\/\/www.tceam.tc.br\/wp-content\/uploads\/2023\/04\/EDITAL-DE-HOMOLOGACAO-OBRAS-TI.pdf\">EDITAL DE HOMOLOGA\u00c7\u00c3O &#8211; OBRAS-TI<\/a><\/strong><\/td>\n<\/tr>\n<tr style=\"height: 48px;\">\n<td style=\"height: 48px;\" width=\"125\"><strong><a href=\"https:\/\/www.tceam.tc.br\/wp-content\/uploads\/2023\/04\/RESULTADO-FINAL-2021-MP-GOV.pdf\">RESULTADO FINAL 2021 &#8211; MP-GOV<\/a><\/strong><\/td>\n<\/tr>\n<tr style=\"height: 72px;\">\n<td style=\"height: 72px;\" width=\"125\"><strong><a href=\"https:\/\/www.tceam.tc.br\/wp-content\/uploads\/2023\/04\/RESULTADO-FINAL-2021-OBRAS-TI.pdf\">RESULTADO FINAL 2021 &#8211; OBRAS-TI<\/a><a href=\"https:\/\/www.tceam.tc.br\/wp-content\/uploads\/2023\/04\/RESULTADO-FINAL-2021-OBRAS-TI.pdf\">RESULTADO FINAL 2021 &#8211; OBRAS-TI<\/a><\/strong><\/td>\n<\/tr>\n<tr style=\"height: 24px;\">\n<td style=\"height: 24px;\" width=\"125\"><a href=\"https:\/\/www.tceam.tc.br\/wp-content\/uploads\/2021\/05\/EDITAL-2.pdf\"><strong>Edital n\u00ba 03\/2021\u00a0<\/strong><\/a><\/td>\n<\/tr>\n<tr style=\"height: 24px;\">\n<td style=\"height: 24px;\" width=\"125\"><a href=\"https:\/\/www.tceam.tc.br\/wp-content\/uploads\/2021\/05\/EDITAL-2.pdf\"><strong>Edital n\u00ba 02\/2021\u00a0<\/strong><\/a><\/td>\n<\/tr>\n<tr style=\"height: 48px;\">\n<td style=\"height: 48px;\" width=\"125\"><a href=\"https:\/\/www.tceam.tc.br\/wp-content\/uploads\/2021\/05\/Edital_de_abertura_final.pdf\"><strong>Edital n\u00ba 01\/2021 &#8211; Revogado<\/strong><\/a><\/td>\n<\/tr>\n<tr style=\"height: 48px;\">\n<td style=\"height: 192px;\" rowspan=\"4\" width=\"360\"><strong>CONTROLE DE\u00a0 HABILITADOS\/NOMEADOS<\/strong><\/td>\n<td style=\"height: 48px;\" width=\"125\"><a href=\"https:\/\/www.tceam.tc.br\/wp-content\/uploads\/2024\/02\/Auditor-Tecnico-de-Controle-Externo-Obras-Publicas-A.pdf\"><strong>Auditor T\u00e9cnico de Obras P\u00fablicas<\/strong><\/a><\/td>\n<\/tr>\n<tr style=\"height: 48px;\">\n<td style=\"height: 48px;\" width=\"125\"><strong><a href=\"https:\/\/www.tceam.tc.br\/wp-content\/uploads\/2024\/02\/Auditor-Tecnico-de-Controle-Externo-Tecnologia-da-Informacao-A.pdf\">Auditor T\u00e9cnico de Tecnologia da Informa\u00e7\u00e3o<\/a><\/strong><\/td>\n<\/tr>\n<tr style=\"height: 48px;\">\n<td style=\"height: 48px;\" width=\"125\"><a href=\"https:\/\/www.tceam.tc.br\/wp-content\/uploads\/2024\/02\/Auditor-Tecnico-de-Controle-Externo-Auditoria-Governamental-A.pdf\"><strong>Auditor T\u00e9cnico de Auditoria Governamental<\/strong><\/a><\/td>\n<\/tr>\n<tr style=\"height: 48px;\">\n<td style=\"height: 48px;\" width=\"125\"><strong><a href=\"https:\/\/www.tceam.tc.br\/wp-content\/uploads\/2024\/02\/Auditor-Tecnico-de-Controle-Externo-Ministerio-Publico-A.pdf\">Auditor T\u00e9cnico do Minist\u00e9rio P\u00fablico<\/a><\/strong><\/td>\n<\/tr>\n<\/tbody>\n<\/table>\n<p>&nbsp;<\/p>\n<p>&nbsp;<\/p>\n<p>&nbsp;<\/p>\n<p>&nbsp;<\/p>\n<p>&nbsp;<\/p>\n<p>&nbsp;<\/p>\n<p>&nbsp;<\/p>\n","protected":false},"excerpt":{"rendered":"<p>&nbsp; DOCUMENTA\u00c7\u00d5ES Atos de Nomea\u00e7\u00e3o EDITAL DE HOMOLOGA\u00c7\u00c3O &#8211; MP-GOV EDITAL DE HOMOLOGA\u00c7\u00c3O &#8211; OBRAS-TI RESULTADO FINAL 2021 &#8211; MP-GOV RESULTADO FINAL 2021 &#8211; OBRAS-TIRESULTADO FINAL 2021 &#8211; OBRAS-TI Edital n\u00ba 03\/2021\u00a0 Edital n\u00ba 02\/2021\u00a0 Edital n\u00ba 01\/2021 &#8211; Revogado CONTROLE DE\u00a0 HABILITADOS\/NOMEADOS Auditor T\u00e9cnico de Obras P\u00fablicas Auditor T\u00e9cnico de Tecnologia da Informa\u00e7\u00e3o Auditor [&hellip;]<\/p>\n","protected":false},"author":46,"featured_media":0,"parent":0,"menu_order":0,"comment_status":"closed","ping_status":"closed","template":"","meta":{"footnotes":""},"class_list":["post-45352","page","type-page","status-publish","hentry"],"_links":{"self":[{"href":"https:\/\/www.tceam.tc.br\/index.php?rest_route=\/wp\/v2\/pages\/45352","targetHints":{"allow":["GET"]}}],"collection":[{"href":"https:\/\/www.tceam.tc.br\/index.php?rest_route=\/wp\/v2\/pages"}],"about":[{"href":"https:\/\/www.tceam.tc.br\/index.php?rest_route=\/wp\/v2\/types\/page"}],"author":[{"embeddable":true,"href":"https:\/\/www.tceam.tc.br\/index.php?rest_route=\/wp\/v2\/users\/46"}],"replies":[{"embeddable":true,"href":"https:\/\/www.tceam.tc.br\/index.php?rest_route=%2Fwp%2Fv2%2Fcomments&post=45352"}],"version-history":[{"count":21,"href":"https:\/\/www.tceam.tc.br\/index.php?rest_route=\/wp\/v2\/pages\/45352\/revisions"}],"predecessor-version":[{"id":69066,"href":"https:\/\/www.tceam.tc.br\/index.php?rest_route=\/wp\/v2\/pages\/45352\/revisions\/69066"}],"wp:attachment":[{"href":"https:\/\/www.tceam.tc.br\/index.php?rest_route=%2Fwp%2Fv2%2Fmedia&parent=45352"}],"curies":[{"name":"wp","href":"https:\/\/api.w.org\/{rel}","templated":true}]}}