
{"id":43393,"date":"2021-01-25T08:47:46","date_gmt":"2021-01-25T12:47:46","guid":{"rendered":"https:\/\/www.tceam.tc.br\/?page_id=43393"},"modified":"2021-03-11T10:38:22","modified_gmt":"2021-03-11T14:38:22","slug":"vacinacao-contra-covid-19-em-manaus","status":"publish","type":"page","link":"https:\/\/www.tceam.tc.br\/?page_id=43393","title":{"rendered":"Vacina\u00e7\u00e3o contra Covid-19"},"content":{"rendered":"<p><span style=\"color: #000000;\">Acesse, nos links abaixos, as informa\u00e7\u00f5es sobre a vacina\u00e7\u00e3o contra Covid-19.<\/span><\/p>\n<p><span style=\"color: #000000;\"><strong>Prefeitura de Manaus<\/strong><\/span><\/p>\n<p><span style=\"color: #000000;\"><span style=\"color: #0000ff;\"><strong><a style=\"color: #0000ff;\" href=\"https:\/\/www.tceam.tc.br\/wp-content\/uploads\/2021\/01\/Dados-21-de-janeiro.pdf\">Lista 1<\/a> &#8211;<\/strong><\/span> dados atualizados at\u00e9 21\/01<\/span><\/p>\n<p><strong><span style=\"color: #0000ff;\"><a style=\"color: #0000ff;\" href=\"https:\/\/www.tceam.tc.br\/wp-content\/uploads\/2021\/01\/Dados-23-de-janeiro.pdf\">Lista 2 &#8211;<\/a> <\/span><\/strong><span style=\"color: #000000;\">dados atualizados at\u00e9 22\/01 (Prefeitura enviou os dados sem os CPF\u00b4s e foi notificada a corrigir os dados)<\/span><\/p>\n<p><span style=\"color: #0000ff;\"><a style=\"color: #0000ff;\" href=\"https:\/\/semsa.manaus.am.gov.br\/sala-de-situacao\/novo-coronavirus\/\">Lista atualizada diariamente pela Prefeitura de Manaus<\/a><\/span><\/p>\n<p>&nbsp;<\/p>\n<hr \/>\n<p><span style=\"color: #000000;\"><strong>Prefeituras do interior do Amazonas<\/strong><\/span><\/p>\n<p><span style=\"color: #0000ff;\">&#8211;<a style=\"color: #0000ff;\" href=\"https:\/\/www.tceam.tc.br\/wp-content\/uploads\/2021\/01\/Guajara.pdf\"> Prefeitura de Guajar\u00e1<\/a> <\/span><\/p>\n<p><span style=\"color: #0000ff;\">&#8211; <a style=\"color: #0000ff;\" href=\"https:\/\/www.tceam.tc.br\/wp-content\/uploads\/2021\/02\/SILVES.pdf\">Prefeitura de Silves <\/a><\/span><\/p>\n<p><span style=\"color: #0000ff;\"><a style=\"color: #0000ff;\" href=\"https:\/\/www.tceam.tc.br\/wp-content\/uploads\/2021\/01\/Maues.pdf\">&#8211; Prefeitura de Mau\u00e9s<\/a> <\/span><\/p>\n<p><span style=\"color: #0000ff;\"><a style=\"color: #0000ff;\" href=\"https:\/\/www.tceam.tc.br\/wp-content\/uploads\/2021\/01\/Uarini.pdf\">&#8211; Prefeitura de Uarini<\/a><\/span><\/p>\n<p><span style=\"color: #0000ff;\"><a style=\"color: #0000ff;\" href=\"https:\/\/www.tceam.tc.br\/wp-content\/uploads\/2021\/02\/ITAPIRANGA.pdf\">Prefeitura de Itapiranga<\/a><\/span><\/p>\n<p><span style=\"color: #0000ff;\"><a style=\"color: #0000ff;\" href=\"https:\/\/www.tceam.tc.br\/wp-content\/uploads\/2021\/02\/EIRUNEPE.pdf\">Prefeitura de Eirunepe<\/a><\/span><\/p>\n<p><span style=\"color: #0000ff;\"><a style=\"color: #0000ff;\" href=\"https:\/\/www.tceam.tc.br\/wp-content\/uploads\/2021\/02\/COARI.pdf\">Prefeitura de Coari<\/a><\/span><\/p>\n<p><span style=\"color: #0000ff;\"><a style=\"color: #0000ff;\" href=\"https:\/\/www.tceam.tc.br\/wp-content\/uploads\/2021\/02\/BARCELOS.pdf\">Prefeitura de Barcelos<\/a><\/span><\/p>\n<p><span style=\"color: #0000ff;\"><a style=\"color: #0000ff;\" href=\"https:\/\/www.tceam.tc.br\/wp-content\/uploads\/2021\/02\/TAPAUA.pdf\">Prefeitura de Tapaua<\/a><\/span><\/p>\n<p><span style=\"color: #0000ff;\"><a style=\"color: #0000ff;\" href=\"https:\/\/www.tceam.tc.br\/wp-content\/uploads\/2021\/02\/TABATINGA.pdf\">Prefeitura de Tabatinga<\/a><\/span><\/p>\n<p><span style=\"color: #0000ff;\"><a style=\"color: #0000ff;\" href=\"https:\/\/www.tceam.tc.br\/wp-content\/uploads\/2021\/02\/SAO_GABRIEL_DA_CACHOEIRA.pdf\">Prefeitura de S\u00e3o Gabriel da Cachoeira<\/a><\/span><\/p>\n<p><span style=\"color: #0000ff;\"><a style=\"color: #0000ff;\" href=\"https:\/\/www.tceam.tc.br\/wp-content\/uploads\/2021\/02\/RIO_PRETO_DA_EVA.pdf\">Prefeitura de Rio Preto da Eva<\/a><\/span><\/p>\n<p><span style=\"color: #0000ff;\"><a style=\"color: #0000ff;\" href=\"https:\/\/www.tceam.tc.br\/wp-content\/uploads\/2021\/02\/NOVO_ARIPUANA.pdf\">Prefeitura de Novo Aripuan\u00e3<\/a><\/span><\/p>\n<p><span style=\"color: #0000ff;\"><a style=\"color: #0000ff;\" href=\"https:\/\/www.tceam.tc.br\/wp-content\/uploads\/2021\/02\/NOVA_OLINDA_DO_NORTE_2.pdf\">Prefeitura de Nova Olinda do Norte<\/a><\/span><\/p>\n<p><span style=\"color: #0000ff;\"><a style=\"color: #0000ff;\" href=\"https:\/\/www.tceam.tc.br\/wp-content\/uploads\/2021\/02\/NHAMUNDA.pdf\">Prefeitura de Nhamund\u00e1<\/a><\/span><\/p>\n<p><span style=\"color: #0000ff;\"><a style=\"color: #0000ff;\" href=\"https:\/\/www.tceam.tc.br\/wp-content\/uploads\/2021\/02\/MAUES.pdf\">Prefeitura de Mau\u00e9s<\/a><\/span><\/p>\n<p><span style=\"color: #0000ff;\"><a style=\"color: #0000ff;\" href=\"https:\/\/www.tceam.tc.br\/wp-content\/uploads\/2021\/02\/MANACAPURU.pdf\">Prefeitura de Manacapuru<\/a><\/span><\/p>\n<p><span style=\"color: #0000ff;\"><a style=\"color: #0000ff;\" href=\"https:\/\/www.tceam.tc.br\/wp-content\/uploads\/2021\/02\/CANUTAMA.pdf\">Prefeitura de Canutama<\/a><\/span><\/p>\n<p><span style=\"color: #0000ff;\"><a style=\"color: #0000ff;\" href=\"https:\/\/www.tceam.tc.br\/wp-content\/uploads\/2021\/02\/CAAPIRANGA.pdf\">Prefeitura de Caapiranga<\/a><\/span><\/p>\n<p><span style=\"color: #0000ff;\"><a style=\"color: #0000ff;\" href=\"https:\/\/www.tceam.tc.br\/wp-content\/uploads\/2021\/02\/BOCA_DO_ACRE.pdf\">Prefeitura de Boca do Acre<\/a><\/span><\/p>\n<p><span style=\"color: #0000ff;\"><a style=\"color: #0000ff;\" href=\"https:\/\/www.tceam.tc.br\/wp-content\/uploads\/2021\/02\/BARREIRINHA.pdf\">Prefeitura de Barreirinha<\/a><\/span><\/p>\n<p><span style=\"color: #0000ff;\"><a style=\"color: #0000ff;\" href=\"https:\/\/www.tceam.tc.br\/wp-content\/uploads\/2021\/02\/ALVARAES.pdf\">Prefeitura de Alvar\u00e3es<\/a><\/span><\/p>\n<p class=\"Texto_Justificado\"><span style=\"color: #0000ff;\"><a style=\"color: #0000ff;\" href=\"https:\/\/www.tceam.tc.br\/wp-content\/uploads\/2021\/02\/SAO_SEBASTIAO_DO_UATUMA.pdf\">Prefeitura de S\u00e3o Sebasti\u00e3o do Uatum\u00e3<\/a> <\/span><\/p>\n<p class=\"Texto_Justificado\"><span style=\"color: #0000ff;\"><a style=\"color: #0000ff;\" href=\"https:\/\/www.tceam.tc.br\/wp-content\/uploads\/2021\/02\/URUCARA.pdf\">Prefeitura de Urucar\u00e1<\/a> <\/span><\/p>\n<p class=\"Texto_Justificado\"><span style=\"color: #0000ff;\"><a style=\"color: #0000ff;\" href=\"https:\/\/www.tceam.tc.br\/wp-content\/uploads\/2021\/02\/SANTO_ANTONIO_DO_ICA.pdf\">Prefeitura de Santo Ant\u00f4nio do I\u00e7a<\/a> <\/span><\/p>\n<p class=\"Texto_Justificado\"><span style=\"color: #0000ff;\"><a style=\"color: #0000ff;\" href=\"https:\/\/www.tceam.tc.br\/wp-content\/uploads\/2021\/02\/LABREA.pdf\">Prefeitura de Labrea<\/a> <\/span><\/p>\n<p class=\"Texto_Justificado\"><span style=\"color: #0000ff;\"><a style=\"color: #0000ff;\" href=\"https:\/\/www.tceam.tc.br\/wp-content\/uploads\/2021\/02\/ANORI.pdf\">Prefeitura de Anori<\/a> <\/span><\/p>\n<p class=\"Texto_Justificado\"><span style=\"color: #0000ff;\"><a style=\"color: #0000ff;\" href=\"https:\/\/www.tceam.tc.br\/wp-content\/uploads\/2021\/02\/ANAMA.pdf\">Prefeitura de Anam\u00e3<\/a><\/span><\/p>\n<p class=\"Texto_Justificado\"><span style=\"color: #0000ff;\"><a style=\"color: #0000ff;\" href=\"https:\/\/www.tceam.tc.br\/wp-content\/uploads\/2021\/02\/CODAJAS.pdf\">Prefeitura de Codaj\u00e1s<\/a><\/span><\/p>\n<p><span style=\"color: #000000;\"><strong>Atualiza\u00e7\u00e3o das listas dos munic\u00edpios do interior do Amazonas (11\/03)<\/strong><\/span><\/p>\n<p><span style=\"color: #0000ff;\"><a style=\"color: #0000ff;\" href=\"https:\/\/www.tceam.tc.br\/wp-content\/uploads\/2021\/03\/CODAJAS_6.pdf\">Prefeitura de Codaj\u00e1s<\/a> <\/span><\/p>\n<p><span style=\"color: #0000ff;\"><a style=\"color: #0000ff;\" href=\"https:\/\/www.tceam.tc.br\/wp-content\/uploads\/2021\/03\/CODAJAS_5-1.pdf\">Prefeitura de Codaj\u00e1s<\/a><\/span><\/p>\n<p><span style=\"color: #0000ff;\"><a style=\"color: #0000ff;\" href=\"https:\/\/www.tceam.tc.br\/wp-content\/uploads\/2021\/03\/CODAJAS_5.pdf\">Prefeitura de Codaj\u00e1s<\/a><\/span><\/p>\n<p><span style=\"color: #0000ff;\"><a style=\"color: #0000ff;\" href=\"https:\/\/www.tceam.tc.br\/wp-content\/uploads\/2021\/03\/CODAJAS_4.pdf\">Prefeitura de Codaj\u00e1s<\/a><\/span><\/p>\n<p><span style=\"color: #0000ff;\"><a style=\"color: #0000ff;\" href=\"https:\/\/www.tceam.tc.br\/wp-content\/uploads\/2021\/03\/CODAJAS_3.pdf\">Prefeitura de Codaj\u00e1s<\/a><\/span><\/p>\n<p><span style=\"color: #0000ff;\"> <a style=\"color: #0000ff;\" href=\"https:\/\/www.tceam.tc.br\/wp-content\/uploads\/2021\/03\/BOA_VISTA_DO_RAMOS.pdf\">Prefeitura de Boa Vista do Ramos<\/a> <\/span><\/p>\n<p><span style=\"color: #0000ff;\"><a style=\"color: #0000ff;\" href=\"https:\/\/www.tceam.tc.br\/wp-content\/uploads\/2021\/03\/NHAMUNDA_2.pdf\">Prefeitura de Nhamunda<\/a> <\/span><\/p>\n<p><span style=\"color: #0000ff;\"><a style=\"color: #0000ff;\" href=\"https:\/\/www.tceam.tc.br\/wp-content\/uploads\/2021\/03\/NOVA_OLINDA_DO_NORTE_3.pdf\">Prefeitura de Nova Olinda do Norte<\/a> <\/span><\/p>\n<p><span style=\"color: #0000ff;\"><a style=\"color: #0000ff;\" href=\"https:\/\/www.tceam.tc.br\/wp-content\/uploads\/2021\/03\/CAREIRO.pdf\">Prefeitura de Careiro<\/a> <\/span><\/p>\n<p><span style=\"color: #0000ff;\"><a style=\"color: #0000ff;\" href=\"https:\/\/www.tceam.tc.br\/wp-content\/uploads\/2021\/03\/SANTO_ANTONIO_DO_ICA_2.pdf\">Prefeitura de Santo Antonio do I\u00e7\u00e1<\/a><\/span><\/p>\n","protected":false},"excerpt":{"rendered":"<p>Acesse, nos links abaixos, as informa\u00e7\u00f5es sobre a vacina\u00e7\u00e3o contra Covid-19. Prefeitura de Manaus Lista 1 &#8211; dados atualizados at\u00e9 21\/01 Lista 2 &#8211; dados atualizados at\u00e9 22\/01 (Prefeitura enviou os dados sem os CPF\u00b4s e foi notificada a corrigir os dados) Lista atualizada diariamente pela Prefeitura de Manaus &nbsp; Prefeituras do interior do Amazonas [&hellip;]<\/p>\n","protected":false},"author":46,"featured_media":0,"parent":0,"menu_order":0,"comment_status":"closed","ping_status":"closed","template":"","meta":{"footnotes":""},"class_list":["post-43393","page","type-page","status-publish","hentry"],"_links":{"self":[{"href":"https:\/\/www.tceam.tc.br\/index.php?rest_route=\/wp\/v2\/pages\/43393","targetHints":{"allow":["GET"]}}],"collection":[{"href":"https:\/\/www.tceam.tc.br\/index.php?rest_route=\/wp\/v2\/pages"}],"about":[{"href":"https:\/\/www.tceam.tc.br\/index.php?rest_route=\/wp\/v2\/types\/page"}],"author":[{"embeddable":true,"href":"https:\/\/www.tceam.tc.br\/index.php?rest_route=\/wp\/v2\/users\/46"}],"replies":[{"embeddable":true,"href":"https:\/\/www.tceam.tc.br\/index.php?rest_route=%2Fwp%2Fv2%2Fcomments&post=43393"}],"version-history":[{"count":0,"href":"https:\/\/www.tceam.tc.br\/index.php?rest_route=\/wp\/v2\/pages\/43393\/revisions"}],"wp:attachment":[{"href":"https:\/\/www.tceam.tc.br\/index.php?rest_route=%2Fwp%2Fv2%2Fmedia&parent=43393"}],"curies":[{"name":"wp","href":"https:\/\/api.w.org\/{rel}","templated":true}]}}