
{"id":22707,"date":"2018-05-28T13:48:52","date_gmt":"2018-05-28T17:48:52","guid":{"rendered":"http:\/\/www.tceam.tc.br\/?page_id=22707"},"modified":"2021-04-14T10:20:47","modified_gmt":"2021-04-14T14:20:47","slug":"jornal-eletronico","status":"publish","type":"page","link":"https:\/\/www.tceam.tc.br\/?page_id=22707","title":{"rendered":"Jornal eletr\u00f4nico"},"content":{"rendered":"\t\t<div data-elementor-type=\"wp-page\" data-elementor-id=\"22707\" class=\"elementor elementor-22707\" data-elementor-settings=\"{&quot;ha_cmc_init_switcher&quot;:&quot;no&quot;,&quot;element_pack_global_tooltip_width&quot;:{&quot;unit&quot;:&quot;px&quot;,&quot;size&quot;:&quot;&quot;,&quot;sizes&quot;:[]},&quot;element_pack_global_tooltip_width_laptop&quot;:{&quot;unit&quot;:&quot;px&quot;,&quot;size&quot;:&quot;&quot;,&quot;sizes&quot;:[]},&quot;element_pack_global_tooltip_width_tablet_extra&quot;:{&quot;unit&quot;:&quot;px&quot;,&quot;size&quot;:&quot;&quot;,&quot;sizes&quot;:[]},&quot;element_pack_global_tooltip_width_tablet&quot;:{&quot;unit&quot;:&quot;px&quot;,&quot;size&quot;:&quot;&quot;,&quot;sizes&quot;:[]},&quot;element_pack_global_tooltip_width_mobile_extra&quot;:{&quot;unit&quot;:&quot;px&quot;,&quot;size&quot;:&quot;&quot;,&quot;sizes&quot;:[]},&quot;element_pack_global_tooltip_width_mobile&quot;:{&quot;unit&quot;:&quot;px&quot;,&quot;size&quot;:&quot;&quot;,&quot;sizes&quot;:[]},&quot;element_pack_global_tooltip_padding&quot;:{&quot;unit&quot;:&quot;px&quot;,&quot;top&quot;:&quot;&quot;,&quot;right&quot;:&quot;&quot;,&quot;bottom&quot;:&quot;&quot;,&quot;left&quot;:&quot;&quot;,&quot;isLinked&quot;:true},&quot;element_pack_global_tooltip_padding_laptop&quot;:{&quot;unit&quot;:&quot;px&quot;,&quot;top&quot;:&quot;&quot;,&quot;right&quot;:&quot;&quot;,&quot;bottom&quot;:&quot;&quot;,&quot;left&quot;:&quot;&quot;,&quot;isLinked&quot;:true},&quot;element_pack_global_tooltip_padding_tablet_extra&quot;:{&quot;unit&quot;:&quot;px&quot;,&quot;top&quot;:&quot;&quot;,&quot;right&quot;:&quot;&quot;,&quot;bottom&quot;:&quot;&quot;,&quot;left&quot;:&quot;&quot;,&quot;isLinked&quot;:true},&quot;element_pack_global_tooltip_padding_tablet&quot;:{&quot;unit&quot;:&quot;px&quot;,&quot;top&quot;:&quot;&quot;,&quot;right&quot;:&quot;&quot;,&quot;bottom&quot;:&quot;&quot;,&quot;left&quot;:&quot;&quot;,&quot;isLinked&quot;:true},&quot;element_pack_global_tooltip_padding_mobile_extra&quot;:{&quot;unit&quot;:&quot;px&quot;,&quot;top&quot;:&quot;&quot;,&quot;right&quot;:&quot;&quot;,&quot;bottom&quot;:&quot;&quot;,&quot;left&quot;:&quot;&quot;,&quot;isLinked&quot;:true},&quot;element_pack_global_tooltip_padding_mobile&quot;:{&quot;unit&quot;:&quot;px&quot;,&quot;top&quot;:&quot;&quot;,&quot;right&quot;:&quot;&quot;,&quot;bottom&quot;:&quot;&quot;,&quot;left&quot;:&quot;&quot;,&quot;isLinked&quot;:true},&quot;element_pack_global_tooltip_border_radius&quot;:{&quot;unit&quot;:&quot;px&quot;,&quot;top&quot;:&quot;&quot;,&quot;right&quot;:&quot;&quot;,&quot;bottom&quot;:&quot;&quot;,&quot;left&quot;:&quot;&quot;,&quot;isLinked&quot;:true},&quot;element_pack_global_tooltip_border_radius_laptop&quot;:{&quot;unit&quot;:&quot;px&quot;,&quot;top&quot;:&quot;&quot;,&quot;right&quot;:&quot;&quot;,&quot;bottom&quot;:&quot;&quot;,&quot;left&quot;:&quot;&quot;,&quot;isLinked&quot;:true},&quot;element_pack_global_tooltip_border_radius_tablet_extra&quot;:{&quot;unit&quot;:&quot;px&quot;,&quot;top&quot;:&quot;&quot;,&quot;right&quot;:&quot;&quot;,&quot;bottom&quot;:&quot;&quot;,&quot;left&quot;:&quot;&quot;,&quot;isLinked&quot;:true},&quot;element_pack_global_tooltip_border_radius_tablet&quot;:{&quot;unit&quot;:&quot;px&quot;,&quot;top&quot;:&quot;&quot;,&quot;right&quot;:&quot;&quot;,&quot;bottom&quot;:&quot;&quot;,&quot;left&quot;:&quot;&quot;,&quot;isLinked&quot;:true},&quot;element_pack_global_tooltip_border_radius_mobile_extra&quot;:{&quot;unit&quot;:&quot;px&quot;,&quot;top&quot;:&quot;&quot;,&quot;right&quot;:&quot;&quot;,&quot;bottom&quot;:&quot;&quot;,&quot;left&quot;:&quot;&quot;,&quot;isLinked&quot;:true},&quot;element_pack_global_tooltip_border_radius_mobile&quot;:{&quot;unit&quot;:&quot;px&quot;,&quot;top&quot;:&quot;&quot;,&quot;right&quot;:&quot;&quot;,&quot;bottom&quot;:&quot;&quot;,&quot;left&quot;:&quot;&quot;,&quot;isLinked&quot;:true}}\" data-elementor-post-type=\"page\">\n\t\t\t\t\t\t<section data-exad-particle-enable=\"false\" class=\"elementor-section elementor-top-section elementor-element elementor-element-cebf17b elementor-section-boxed elementor-section-height-default elementor-section-height-default exad-parallax-effect-no exad-background-color-change-no exad-glass-effect-no exad-sticky-section-no\" data-id=\"cebf17b\" data-element_type=\"section\" data-settings=\"{&quot;_ha_eqh_enable&quot;:false}\">\n\t\t\t\t\t\t<div class=\"elementor-container elementor-column-gap-default\">\n\t\t\t\t\t<div class=\"elementor-column elementor-col-100 elementor-top-column elementor-element elementor-element-a6afe67 exad-glass-effect-no exad-sticky-section-no\" data-id=\"a6afe67\" data-element_type=\"column\">\n\t\t\t<div class=\"elementor-widget-wrap elementor-element-populated\">\n\t\t\t\t\t\t<div class=\"elementor-element elementor-element-3c45cdb exad-sticky-section-no exad-glass-effect-no elementor-widget elementor-widget-image\" data-id=\"3c45cdb\" data-element_type=\"widget\" data-widget_type=\"image.default\">\n\t\t\t\t<div class=\"elementor-widget-container\">\n\t\t\t\t\t\t\t\t\t\t\t\t\t\t\t<img fetchpriority=\"high\" decoding=\"async\" width=\"600\" height=\"400\" src=\"https:\/\/www.tceam.tc.br\/wp-content\/uploads\/2018\/05\/Jornal-Eletr\u00f4nico.png\" class=\"attachment-full size-full wp-image-22710\" alt=\"\" srcset=\"https:\/\/www.tceam.tc.br\/wp-content\/uploads\/2018\/05\/Jornal-Eletr\u00f4nico.png 600w, https:\/\/www.tceam.tc.br\/wp-content\/uploads\/2018\/05\/Jornal-Eletr\u00f4nico-300x200.png 300w\" sizes=\"(max-width: 600px) 100vw, 600px\" \/>\t\t\t\t\t\t\t\t\t\t\t\t\t\t\t<\/div>\n\t\t\t\t<\/div>\n\t\t\t\t<div class=\"elementor-element elementor-element-0c770b4 exad-sticky-section-no exad-glass-effect-no elementor-widget elementor-widget-text-editor\" data-id=\"0c770b4\" data-element_type=\"widget\" data-widget_type=\"text-editor.default\">\n\t\t\t\t<div class=\"elementor-widget-container\">\n\t\t\t\t\t\t\t\t\t<p>Clique para ler.<\/p><div>\u00a0<\/div><p><strong><a href=\"https:\/\/www.tceam.tc.br\/wp-content\/uploads\/2019\/12\/Jornal-eletr\u00f4nico.-Edi\u00e7\u00e3o-40.pdf\">Jornal eletr\u00f4nico. Edi\u00e7\u00e3o 40<\/a><\/strong><\/p><p><strong><a href=\"https:\/\/www.tceam.tc.br\/wp-content\/uploads\/2019\/10\/Jornal-eletr\u00f4nico.-Edi\u00e7\u00e3o-39.pdf\">Jornal eletr\u00f4nico. Edi\u00e7\u00e3o 39<\/a><\/strong><\/p><p><strong><a href=\"https:\/\/www.tceam.tc.br\/wp-content\/uploads\/2019\/10\/Jornal-eletr\u00f4nico.-Edi\u00e7\u00e3o-38.pdf\">Jornal eletr\u00f4nico. Edi\u00e7\u00e3o 38<\/a><\/strong><\/p><p><strong><a href=\"https:\/\/www.tceam.tc.br\/wp-content\/uploads\/2019\/09\/Jornal-eletr\u00f4nico.-Edi\u00e7\u00e3o-37.pdf\">Jornal eletr\u00f4nico. Edi\u00e7\u00e3o 37<\/a><\/strong><\/p><p><strong><a href=\"https:\/\/www.tceam.tc.br\/wp-content\/uploads\/2019\/09\/Jornal-eletr\u00f4nico.-Edi\u00e7\u00e3o-36-1.pdf\">Jornal eletr\u00f4nico. Edi\u00e7\u00e3o 36<\/a><\/strong><\/p><p><strong><a href=\"https:\/\/www.tceam.tc.br\/wp-content\/uploads\/2019\/09\/Jornal-eletr\u00f4nico.-Edi\u00e7\u00e3o-35.pdf\">Jornal eletr\u00f4nico. Edi\u00e7\u00e3o 35<\/a><\/strong><\/p><p><strong><a href=\"https:\/\/www.tceam.tc.br\/wp-content\/uploads\/2019\/08\/Jornal-eletr\u00f4nico.-Edi\u00e7\u00e3o-34.pdf\">Jornal eletr\u00f4nico. Edi\u00e7\u00e3o 34<\/a><\/strong><\/p><p><strong><a href=\"https:\/\/www.tceam.tc.br\/wp-content\/uploads\/2019\/08\/Jornal-eletr\u00f4nico.-Edi\u00e7\u00e3o-33.pdf\">Jornal eletr\u00f4nico. Edi\u00e7\u00e3o 33<\/a><\/strong><\/p><p><strong><a href=\"https:\/\/www.tceam.tc.br\/wp-content\/uploads\/2019\/08\/Jornal-eletr\u00f4nico.-Edi\u00e7\u00e3o-32.pdf\">Jornal eletr\u00f4nico. Edi\u00e7\u00e3o 32<\/a><\/strong><\/p><p><strong><a href=\"https:\/\/www.tceam.tc.br\/wp-content\/uploads\/2019\/07\/Jornal-eletr\u00f4nico.-Edi\u00e7\u00e3o-31.pdf\">Jornal eletr\u00f4nico. Edi\u00e7\u00e3o 31<\/a><\/strong><\/p><p><strong><a href=\"https:\/\/www.tceam.tc.br\/wp-content\/uploads\/2019\/07\/Jornal-eletr\u00f4nico.-Edi\u00e7\u00e3o-30.pdf\">Jornal eletr\u00f4nico. Edi\u00e7\u00e3o 30<\/a><\/strong><\/p><p><strong><a href=\"https:\/\/www.tceam.tc.br\/portal\/wp-content\/uploads\/2019\/06\/Jornal-eletr\u00f4nico.-Edi\u00e7\u00e3o-29.pdf\">Jornal eletr\u00f4nico. Edi\u00e7\u00e3o 29<\/a><\/strong><\/p><p><strong><a href=\"https:\/\/www.tceam.tc.br\/portal\/wp-content\/uploads\/2019\/06\/Jornal-eletr\u00f4nico.-Edi\u00e7\u00e3o-28.pdf\">Jornal eletr\u00f4nico. Edi\u00e7\u00e3o 28<\/a><\/strong><\/p><p><strong><a href=\"https:\/\/www.tceam.tc.br\/portal\/wp-content\/uploads\/2019\/05\/Jornal-eletr\u00f4nico.-Edi\u00e7\u00e3o-27.pdf\">Jornal eletr\u00f4nico. Edi\u00e7\u00e3o 27<\/a><\/strong><\/p><p><strong><a href=\"https:\/\/www.tceam.tc.br\/portal\/wp-content\/uploads\/2019\/05\/Jornal-eletr\u00f4nico-edi\u00e7\u00e3o-26.pdf\">Jornal eletr\u00f4nico. Edi\u00e7\u00e3o 26<\/a><\/strong><\/p><p><strong><a href=\"https:\/\/www.tceam.tc.br\/portal\/wp-content\/uploads\/2019\/05\/Jornal-eletr\u00f4nico-edi\u00e7\u00e3o-25.pdf\">Jornal eletr\u00f4nico. Edi\u00e7\u00e3o 25<\/a><\/strong><\/p><p><strong><a href=\"https:\/\/www.tceam.tc.br\/portal\/wp-content\/uploads\/2019\/04\/Jornal-eletr\u00f4nico-edi\u00e7\u00e3o-24-12.pdf\">Jornal eletr\u00f4nico. Edi\u00e7\u00e3o 24<\/a><\/strong><\/p><p><strong><a href=\"https:\/\/www.tceam.tc.br\/portal\/wp-content\/uploads\/2019\/04\/Jornal-eletr\u00f4nico-edi\u00e7\u00e3o-23.pdf\">Jornal eletr\u00f4nico. Edi\u00e7\u00e3o 23<\/a><\/strong><\/p><p><a href=\"https:\/\/www.tceam.tc.br\/portal\/wp-content\/uploads\/2019\/04\/Jornal-eletr\u00f4nico-edi\u00e7\u00e3o-22.pdf\"><strong>Jornal eletr\u00f4nico. Edi\u00e7\u00e3o 22<\/strong><\/a><\/p><p><a href=\"https:\/\/www.tceam.tc.br\/portal\/wp-content\/uploads\/2019\/03\/Jornal-eletr\u00f4nico-edi\u00e7\u00e3o-21.pdf\"><strong>Jornal eletr\u00f4nico. Edi\u00e7\u00e3o 21<\/strong><\/a><\/p><p><a href=\"https:\/\/www.tceam.tc.br\/portal\/wp-content\/uploads\/2019\/03\/Jornal-eletr\u00f4nico-edi\u00e7\u00e3o-20.pdf\"><strong>Jornal eletr\u00f4nico. Edi\u00e7\u00e3o 20<\/strong><\/a><\/p><p><a href=\"https:\/\/www.tceam.tc.br\/portal\/wp-content\/uploads\/2019\/02\/Jornal-eletr\u00f4nico-edi\u00e7\u00e3o-19.pdf\"><strong>Jornal eletr\u00f4nico. Edi\u00e7\u00e3o 19<\/strong><\/a><\/p><p><a href=\"https:\/\/www.tceam.tc.br\/portal\/wp-content\/uploads\/2019\/02\/Jornal-eletr\u00f4nico-edi\u00e7\u00e3o-18.pdf\"><strong>Jornal eletr\u00f4nico. Edi\u00e7\u00e3o 18<\/strong><\/a><\/p><p><a href=\"https:\/\/www.tceam.tc.br\/portal\/wp-content\/uploads\/2019\/02\/Jornal-eletr\u00f4nico-edi\u00e7\u00e3o-17.pdf\"><strong>Jornal eletr\u00f4nico. Edi\u00e7\u00e3o 17<\/strong><\/a><\/p><p><a href=\"https:\/\/www.tceam.tc.br\/portal\/wp-content\/uploads\/2018\/12\/Jornal-eletr\u00f4nico-edi\u00e7\u00e3o-16-1.pdf\"><strong>Jornal eletr\u00f4nico. Edi\u00e7\u00e3o 16<\/strong><\/a><\/p><p><a href=\"https:\/\/www.tceam.tc.br\/portal\/wp-content\/uploads\/2018\/12\/Jornal-eletr\u00f4nico-edi\u00e7\u00e3o-15.pdf\"><strong>Jornal eletr\u00f4nico. Edi\u00e7\u00e3o 15<\/strong><\/a><\/p><p><a href=\"https:\/\/www.tceam.tc.br\/portal\/wp-content\/uploads\/2018\/12\/Jornal-eletr\u00f4nico-edi\u00e7\u00e3o-14.pdf\"><strong>Jornal eletr\u00f4nico. Edi\u00e7\u00e3o 14<\/strong><\/a><\/p><p><a href=\"https:\/\/www.tceam.tc.br\/portal\/wp-content\/uploads\/2018\/12\/Jornal-eletr\u00f4nico-edi\u00e7\u00e3o-13.pdf\"><strong>Jornal eletr\u00f4nico. Edi\u00e7\u00e3o 13<\/strong><\/a><\/p><p><a href=\"https:\/\/www.tceam.tc.br\/portal\/wp-content\/uploads\/2018\/10\/Jornal-eletr\u00f4nico-edi\u00e7\u00e3o-12.pdf\"><strong>Jornal eletr\u00f4nico. Edi\u00e7\u00e3o 12<\/strong><\/a><\/p><p><a href=\"https:\/\/www.tceam.tc.br\/portal\/wp-content\/uploads\/2018\/10\/Jornal-eletr\u00f4nico-edi\u00e7\u00e3o-11.pdf\"><strong>Jornal eletr\u00f4nico. Edi\u00e7\u00e3o 11<\/strong><\/a><\/p><p><strong><a href=\"https:\/\/www.tceam.tc.br\/portal\/wp-content\/uploads\/2018\/10\/Jornal-eletr\u00f4nico-edi\u00e7\u00e3o-10.pdf\">Jornal eletr\u00f4nico. Edi\u00e7\u00e3o 10<\/a><\/strong><\/p><p><strong><a href=\"https:\/\/www.tceam.tc.br\/portal\/wp-content\/uploads\/2018\/09\/Jornal-eletr\u00f4nico-edi\u00e7\u00e3o-9.pdf\">Jornal eletr\u00f4nico. Edi\u00e7\u00e3o 09<\/a><\/strong><\/p><p><strong><a href=\"https:\/\/www.tceam.tc.br\/portal\/wp-content\/uploads\/2019\/05\/Jornal-eletr\u00f4nico-edi\u00e7\u00e3o-8.pdf\">Jornal eletr\u00f4nico. Edi\u00e7\u00e3o 08<\/a><\/strong><\/p><p><strong><a href=\"https:\/\/www.tceam.tc.br\/portal\/wp-content\/uploads\/2018\/08\/Jornal-eletr\u00f4nico-edi\u00e7\u00e3o-7.pdf\">Jornal Eletr\u00f4nico. Edi\u00e7\u00e3o 07<\/a><\/strong><\/p><p><strong><a href=\"https:\/\/www.tceam.tc.br\/portal\/wp-content\/uploads\/2018\/08\/Jornal-eletr\u00f4nico-edi\u00e7\u00e3o-6.pdf\">Jornal Eletr\u00f4nico. Edi\u00e7\u00e3o 06<\/a><\/strong><\/p><p><strong><a href=\"https:\/\/www.tceam.tc.br\/portal\/wp-content\/uploads\/2018\/07\/Edi\u00e7\u00e3o-05.pdf\">Jornal Eletr\u00f4nico. Edi\u00e7\u00e3o 05<\/a><\/strong><\/p><p><a href=\"https:\/\/www.tceam.tc.br\/portal\/wp-content\/uploads\/2018\/07\/Jornal-eletr\u00f4nico-edi\u00e7\u00e3o-4.pdf\"><strong>Jornal Eletr\u00f4nico. Edi\u00e7\u00e3o 04<\/strong><\/a><\/p><p><strong><a href=\"https:\/\/www.tceam.tc.br\/portal\/wp-content\/uploads\/2018\/07\/Jornal-eletr\u00f4nico-3.pdf\">Jornal Eletr\u00f4nico. Edi\u00e7\u00e3o 03<\/a><\/strong><\/p><p><strong><a href=\"https:\/\/www.tceam.tc.br\/portal\/wp-content\/uploads\/2018\/06\/2.-ed.pdf\">Jornal Eletr\u00f4nico. Edi\u00e7\u00e3o 02<\/a><\/strong><\/p><p><strong><a href=\"https:\/\/www.tceam.tc.br\/portal\/wp-content\/uploads\/2018\/05\/Jornal-Eletr\u00f4nico.-Edi\u00e7\u00e3o-01..pdf\">Jornal Eletr\u00f4nico. Edi\u00e7\u00e3o 01<\/a><\/strong><\/p>\t\t\t\t\t\t\t\t<\/div>\n\t\t\t\t<\/div>\n\t\t\t\t\t<\/div>\n\t\t<\/div>\n\t\t\t\t\t<\/div>\n\t\t<\/section>\n\t\t\t\t<\/div>\n\t\t","protected":false},"excerpt":{"rendered":"<p>Clique para ler. \u00a0 Jornal eletr\u00f4nico. Edi\u00e7\u00e3o 40 Jornal eletr\u00f4nico. Edi\u00e7\u00e3o 39 Jornal eletr\u00f4nico. Edi\u00e7\u00e3o 38 Jornal eletr\u00f4nico. Edi\u00e7\u00e3o 37 Jornal eletr\u00f4nico. Edi\u00e7\u00e3o 36 Jornal eletr\u00f4nico. Edi\u00e7\u00e3o 35 Jornal eletr\u00f4nico. Edi\u00e7\u00e3o 34 Jornal eletr\u00f4nico. Edi\u00e7\u00e3o 33 Jornal eletr\u00f4nico. Edi\u00e7\u00e3o 32 Jornal eletr\u00f4nico. Edi\u00e7\u00e3o 31 Jornal eletr\u00f4nico. Edi\u00e7\u00e3o 30 Jornal eletr\u00f4nico. Edi\u00e7\u00e3o 29 Jornal eletr\u00f4nico. Edi\u00e7\u00e3o [&hellip;]<\/p>\n","protected":false},"author":46,"featured_media":0,"parent":0,"menu_order":0,"comment_status":"closed","ping_status":"closed","template":"","meta":{"footnotes":""},"class_list":["post-22707","page","type-page","status-publish","hentry"],"_links":{"self":[{"href":"https:\/\/www.tceam.tc.br\/index.php?rest_route=\/wp\/v2\/pages\/22707","targetHints":{"allow":["GET"]}}],"collection":[{"href":"https:\/\/www.tceam.tc.br\/index.php?rest_route=\/wp\/v2\/pages"}],"about":[{"href":"https:\/\/www.tceam.tc.br\/index.php?rest_route=\/wp\/v2\/types\/page"}],"author":[{"embeddable":true,"href":"https:\/\/www.tceam.tc.br\/index.php?rest_route=\/wp\/v2\/users\/46"}],"replies":[{"embeddable":true,"href":"https:\/\/www.tceam.tc.br\/index.php?rest_route=%2Fwp%2Fv2%2Fcomments&post=22707"}],"version-history":[{"count":1,"href":"https:\/\/www.tceam.tc.br\/index.php?rest_route=\/wp\/v2\/pages\/22707\/revisions"}],"predecessor-version":[{"id":50108,"href":"https:\/\/www.tceam.tc.br\/index.php?rest_route=\/wp\/v2\/pages\/22707\/revisions\/50108"}],"wp:attachment":[{"href":"https:\/\/www.tceam.tc.br\/index.php?rest_route=%2Fwp%2Fv2%2Fmedia&parent=22707"}],"curies":[{"name":"wp","href":"https:\/\/api.w.org\/{rel}","templated":true}]}}