
{"id":16205,"date":"2018-03-28T10:56:19","date_gmt":"2018-03-28T14:56:19","guid":{"rendered":"http:\/\/www.tceam.tc.br\/?page_id=16205"},"modified":"2024-02-16T09:36:49","modified_gmt":"2024-02-16T13:36:49","slug":"iegmtce-am-indicador-de-efetividade-municipal","status":"publish","type":"page","link":"https:\/\/www.tceam.tc.br\/?page_id=16205","title":{"rendered":"Indicador de Efetividade Municipal (IEGM)"},"content":{"rendered":"<p style=\"text-align: justify;\"><a href=\"https:\/\/www.tceam.tc.br\/wp-content\/uploads\/2016\/08\/IEGM.jpg\" rel=\"attachment wp-att-16216\"><img decoding=\"async\" class=\"aligncenter size-medium wp-image-16216 lazyload\" data-src=\"https:\/\/www.tceam.tc.br\/wp-content\/uploads\/2016\/08\/IEGM-300x142.jpg\" alt=\"IEGM\" width=\"300\" height=\"142\" data-srcset=\"https:\/\/www.tceam.tc.br\/wp-content\/uploads\/2016\/08\/IEGM-300x142.jpg 300w, https:\/\/www.tceam.tc.br\/wp-content\/uploads\/2016\/08\/IEGM-696x329.jpg 696w, https:\/\/www.tceam.tc.br\/wp-content\/uploads\/2016\/08\/IEGM-889x420.jpg 889w, https:\/\/www.tceam.tc.br\/wp-content\/uploads\/2016\/08\/IEGM-768x363.jpg 768w, https:\/\/www.tceam.tc.br\/wp-content\/uploads\/2016\/08\/IEGM-1024x484.jpg 1024w, https:\/\/www.tceam.tc.br\/wp-content\/uploads\/2016\/08\/IEGM-620x293.jpg 620w, https:\/\/www.tceam.tc.br\/wp-content\/uploads\/2016\/08\/IEGM.jpg 1062w\" data-sizes=\"(max-width: 300px) 100vw, 300px\" src=\"data:image\/gif;base64,R0lGODlhAQABAAAAACH5BAEKAAEALAAAAAABAAEAAAICTAEAOw==\" style=\"--smush-placeholder-width: 300px; --smush-placeholder-aspect-ratio: 300\/142;\" \/><\/a><\/p>\n<p>O Tribunal de Contas do Estado do Amazonas comunica aos Prefeitos Municipais que os question\u00e1rios do IEGM, relativos ao exerc\u00edcio de 2022,\u00a0<a href=\"https:\/\/econtas.tce.am.gov.br\/eContas\/login.jsf\"><u><b>est\u00e3o dispon\u00edveis no Portal E-Contas<\/b><\/u><\/a>, e dever\u00e3o ser respondidos at\u00e9\u00a0 31\/03\/2024.<\/p>\n<p>Os 7 (sete) question\u00e1rios s\u00e3o eletr\u00f4nicos e dever\u00e3o ser respondidos, preferencialmente, por profissionais que detenham a expertise em cada \u00e1rea tem\u00e1tica (EDUCA\u00c7\u00c3O, SA\u00daDE, TECNOLOGIA DA INFORMA\u00c7\u00c3O, MEIO AMBIENTE, DEFESA CIVIL, PLANEJAMENTO E GEST\u00c3O FISCAL)<\/p>\n<p>IMPORTANTE: OS DADOS E INFORMA\u00c7\u00d5ES REQUISITADOS DEVEM SER PERTINENTES A\u00c7\u00d5ES GOVERNAMENTAIS IMPLEMENTADAS DURANTE O EXERC\u00cdCIO DE 2023.<\/p>\n<p>As Prefeituras Municipais devem responder, por completo, a todos os 7 (sete) question\u00e1rios, pois, trata-se de um \u00edndice composto pelas sete \u00e1reas. Desse modo, faltando um dos question\u00e1rios, as respostas dadas aos demais n\u00e3o poder\u00e3o ser aproveitadas para fins de conclus\u00e3o da entrega.<\/p>\n<p>Os question\u00e1rios dever\u00e3o ser respondidos APENAS no formato eletr\u00f4nico (via on-line), n\u00e3o sendo permitida nenhuma remessa de informa\u00e7\u00f5es via correspond\u00eancia, e-mail ou quaisquer outros meios.<\/p>\n<p>Ressalta-se, mais uma vez, que o preenchimento dos question\u00e1rio \u00e9 obrigat\u00f3rio, pois integram a presta\u00e7\u00e3o de contas anual dos Prefeitos Municipais, podendo, no caso de n\u00e3o cumprimento, sujeitar os respons\u00e1veis \u00e0s comina\u00e7\u00f5es legais no \u00e2mbito desta Corte de Contas.<\/p>\n<p>Por fim, refor\u00e7amos que o prazo para conclus\u00e3o e envio dos question\u00e1rios eletr\u00f4nicos do IEGM (ano base 2023) se encerrar\u00e1 em 31\/03\/2024.<\/p>\n<p>Para mais informa\u00e7\u00f5es e esclarecimentos entrar em contato pelo e-mail:\u00a0<a href=\"mailto:secex@tce.am.gov.br\" target=\"_blank\" rel=\"noopener\">secex@tce.am.gov.br<\/a> ou pelo telefone: (92) 3301-8153.<\/p>\n<p style=\"text-align: justify;\">\n","protected":false},"excerpt":{"rendered":"<p>O Tribunal de Contas do Estado do Amazonas comunica aos Prefeitos Municipais que os question\u00e1rios do IEGM, relativos ao exerc\u00edcio de 2022,\u00a0est\u00e3o dispon\u00edveis no Portal E-Contas, e dever\u00e3o ser respondidos at\u00e9\u00a0 31\/03\/2024. Os 7 (sete) question\u00e1rios s\u00e3o eletr\u00f4nicos e dever\u00e3o ser respondidos, preferencialmente, por profissionais que detenham a expertise em cada \u00e1rea tem\u00e1tica (EDUCA\u00c7\u00c3O, SA\u00daDE, [&hellip;]<\/p>\n","protected":false},"author":3,"featured_media":0,"parent":0,"menu_order":0,"comment_status":"closed","ping_status":"closed","template":"","meta":{"footnotes":""},"class_list":["post-16205","page","type-page","status-publish","hentry"],"_links":{"self":[{"href":"https:\/\/www.tceam.tc.br\/index.php?rest_route=\/wp\/v2\/pages\/16205","targetHints":{"allow":["GET"]}}],"collection":[{"href":"https:\/\/www.tceam.tc.br\/index.php?rest_route=\/wp\/v2\/pages"}],"about":[{"href":"https:\/\/www.tceam.tc.br\/index.php?rest_route=\/wp\/v2\/types\/page"}],"author":[{"embeddable":true,"href":"https:\/\/www.tceam.tc.br\/index.php?rest_route=\/wp\/v2\/users\/3"}],"replies":[{"embeddable":true,"href":"https:\/\/www.tceam.tc.br\/index.php?rest_route=%2Fwp%2Fv2%2Fcomments&post=16205"}],"version-history":[{"count":7,"href":"https:\/\/www.tceam.tc.br\/index.php?rest_route=\/wp\/v2\/pages\/16205\/revisions"}],"predecessor-version":[{"id":69123,"href":"https:\/\/www.tceam.tc.br\/index.php?rest_route=\/wp\/v2\/pages\/16205\/revisions\/69123"}],"wp:attachment":[{"href":"https:\/\/www.tceam.tc.br\/index.php?rest_route=%2Fwp%2Fv2%2Fmedia&parent=16205"}],"curies":[{"name":"wp","href":"https:\/\/api.w.org\/{rel}","templated":true}]}}